{"id":87,"date":"2020-04-06T15:55:51","date_gmt":"2020-04-06T15:55:51","guid":{"rendered":"http:\/\/yogaparla.es\/?page_id=87"},"modified":"2022-12-16T18:11:54","modified_gmt":"2022-12-16T18:11:54","slug":"canto-a-patanjali","status":"publish","type":"page","link":"https:\/\/yogaparla.es\/?page_id=87","title":{"rendered":"Canto a Patanjali"},"content":{"rendered":"\n<figure class=\"wp-block-image size-large is-resized\"><img loading=\"lazy\" decoding=\"async\" src=\"https:\/\/yogaparla.es\/wp-content\/uploads\/2020\/05\/Patanjali-web-1024x576.jpg\" alt=\"Canto a Patanjali\" class=\"wp-image-858\" width=\"768\" height=\"432\"\/><figcaption class=\"wp-element-caption\">Figura de Patanjali en Centro Mushin<\/figcaption><\/figure>\n\n\n\n<div class=\"wp-block-group has-vivid-purple-color has-text-color has-background\" style=\"background-color:#ffffff\"><div class=\"wp-block-group__inner-container is-layout-flow wp-block-group-is-layout-flow\">\n<p class=\"has-text-align-center has-very-light-gray-color has-text-color has-medium-font-size\"><em><span class=\"has-inline-color has-vivid-purple-color\">\u00abSe alude a \u00e9l como un <\/span><\/em><strong><span class=\"has-inline-color has-vivid-purple-color\">svayambhu<\/span><\/strong><em><span class=\"has-inline-color has-vivid-purple-color\">, un alma evolucionada encarnada por voluntad propia para ayudar a la humanidad. Asumi\u00f3 forma humana, experiment\u00f3 nuestras penas y alegr\u00edas y aprendi\u00f3 a trascenderlas\u00bb<\/span><\/em><\/p>\n\n\n\n<p class=\"has-text-align-center\">B.K.S. Iyengar en el Pr\u00f3logo de su libro Luz sobre los Yoga sutras de Patanjali<\/p>\n<\/div><\/div>\n\n\n\n<p>Tal y como nos cuentan en diferentes libros, pr\u00e1cticamente todo lo que se conoce de <strong>Patanjali, el maestro del Yoga<\/strong>, se debe a leyendas contadas a lo largo de los a\u00f1os. Su importancia se debe a ser el <strong>creador de la obra los <em>Yoga Sutras<\/em><\/strong>, un texto conciso y directo donde el autor <strong>nos marca el camino que debemos recorrer para alcanzar el conocimiento de nuestra propia naturaleza<\/strong>. <br>Al inicio de todas las clases, comenzamos con la recitaci\u00f3n de un <strong>canto a Patanjali<\/strong> en se\u00f1al de agradecimiento por su ense\u00f1anza. A continuaci\u00f3n, pod\u00e9is encontrar los dos cantos dedicados al sabio, el primero es el que recitamos.    <\/p>\n\n\n\n<h2 class=\"wp-block-heading\"><strong>Primer canto<\/strong><\/h2>\n\n\n\n<p class=\"has-text-align-center has-vivid-purple-color has-text-color\"><em><strong>yogena cittasya padena vacam<br>malam sarirasya ca vaidyakena<br>yopakarottam pravaram muninam<br>patanjalim pranjaliranato&#8217;smi<\/strong><\/em><br><em><strong>abahu purusakaram<br>sankha cakrasi dharinam<br>sahasra sirasam svetam<br>pranamami patanjalim<\/strong><\/em><\/p>\n\n\n\n<p class=\"has-text-align-center has-small-font-size\">Inclin\u00e9monos ante Patanjali, el m\u00e1s noble de los sabios, que nos dio el yoga para serenar y santificar la mente, la gram\u00e1tica para clarificar y purificar el habla, y la medicina para perfecci\u00f3n de la salud.<br>Postr\u00e9monos ante Patanjali, una encarnaci\u00f3n de Adisesa, cuyo cuerpo superior tiene una forma humana, cuyos brazos sostienen una concha y un disco, y que est\u00e1 coronado por una cobra de mil cabezas.<\/p>\n\n\n\n<h2 class=\"wp-block-heading\"><strong>Segundo canto<\/strong><\/h2>\n\n\n\n<p class=\"has-text-align-center has-vivid-purple-color has-text-color\"><em><strong>yastyaktva rupamadyam prabhavati jagato&#8217;nekadhanugrahaya<\/strong><\/em><br><strong><em>praksinaklesarasirvisamavisadharo&#8217;nekavaktrah subhogi<br>sarvaj\u00f1anaprasutirbhujagaparikarah pritaye yasya nityam<\/em><\/strong><br><strong><em>devohisah sa vovyatsitavimalatanuryogado yogayuktah<\/em><\/strong><\/p>\n\n\n\n<p class=\"has-text-align-center has-small-font-size\">Postr\u00e9monos ante el Se\u00f1or Adisesa, que se manifest\u00f3 en la Tierra como Patanjali para agraciar a la raza humana con salud y armon\u00eda.<br>Saludemos al Se\u00f1or Adisesa, el de la mir\u00edada de cabezas y bocas de serpiente cargadas de da\u00f1inos venenos, que dej\u00f3 a un lado para venir a la Tierra como el virtuoso Patanjali a fin de erradicar la ignorancia y vencer la aflicci\u00f3n.<\/p>\n\n\n\n<p class=\"has-text-align-center\"><mark style=\"background-color:rgba(0, 0, 0, 0)\" class=\"has-inline-color has-cyan-bluish-gray-color\">Incorporamos la traducci\u00f3n al castellano del Canto a Patanjali ofrecida en el libro <em>Luz sobre los Yoga Sutras de Patanjali<\/em> de B.K.S. Iyengar (Editorial Kair\u00f3s)<\/mark><\/p>\n\n\n\n<hr class=\"wp-block-separator has-css-opacity is-style-wide\"\/>\n\n\n\n<p class=\"has-text-align-center\">Si tienes cualquier consulta, puedes ponerte en <strong>contacto<\/strong> con nosotros escribi\u00e9ndonos al email <strong><a rel=\"noreferrer noopener\" href=\"mailto:info@centromushin.es\" target=\"_blank\">info@centromushin.es<\/a><\/strong>, llamando al tel\u00e9fono <strong>+34 91 014 50 52<\/strong> o rellenando el <strong><a href=\"https:\/\/yogaparla.es\/?page_id=142\" data-type=\"page\" data-id=\"142\">formulario de contacto<\/a><\/strong>.<\/p>\n\n\n\n<div class=\"wp-block-columns is-layout-flex wp-container-core-columns-is-layout-9d6595d7 wp-block-columns-is-layout-flex\">\n<div class=\"wp-block-column is-layout-flow wp-block-column-is-layout-flow\">\n<div class=\"wp-block-buttons is-content-justification-left is-layout-flex wp-container-core-buttons-is-layout-fdcfc74e wp-block-buttons-is-layout-flex\">\n<div class=\"wp-block-button is-style-outline is-style-outline--2\"><a class=\"wp-block-button__link wp-element-button\" href=\"https:\/\/yogaparla.es\/?page_id=152\">M\u00e9todo de ensa\u00f1anza<\/a><\/div>\n<\/div>\n<\/div>\n\n\n\n<div class=\"wp-block-column is-layout-flow wp-block-column-is-layout-flow\">\n<div class=\"wp-block-buttons is-content-justification-left is-layout-flex wp-container-core-buttons-is-layout-fdcfc74e wp-block-buttons-is-layout-flex\">\n<div class=\"wp-block-button is-style-outline is-style-outline--3\"><a class=\"wp-block-button__link wp-element-button\" href=\"https:\/\/yogaparla.es\/?page_id=155\">Horario de clases<\/a><\/div>\n<\/div>\n<\/div>\n\n\n\n<div class=\"wp-block-column is-layout-flow wp-block-column-is-layout-flow\">\n<div class=\"wp-block-buttons is-content-justification-left is-layout-flex wp-container-core-buttons-is-layout-fdcfc74e wp-block-buttons-is-layout-flex\">\n<div class=\"wp-block-button is-style-outline is-style-outline--4\"><a class=\"wp-block-button__link wp-element-button\" href=\"https:\/\/yogaparla.es\/?page_id=757\">Blog<\/a><\/div>\n<\/div>\n<\/div>\n<\/div>\n","protected":false},"excerpt":{"rendered":"<p>\u00abSe alude a \u00e9l como un svayambhu, un alma evolucionada encarnada por voluntad propia para ayudar a la humanidad. Asumi\u00f3 forma humana, experiment\u00f3 nuestras penas y alegr\u00edas y aprendi\u00f3 a trascenderlas\u00bb B.K.S. Iyengar en el Pr\u00f3logo de su libro Luz sobre los Yoga sutras de Patanjali Tal y como nos cuentan en diferentes libros, pr\u00e1cticamente &hellip; <\/p>\n<p class=\"link-more\"><a href=\"https:\/\/yogaparla.es\/?page_id=87\" class=\"more-link\">Continuar leyendo<span class=\"screen-reader-text\"> \u00abCanto a Patanjali\u00bb<\/span><\/a><\/p>\n","protected":false},"author":1,"featured_media":0,"parent":0,"menu_order":0,"comment_status":"closed","ping_status":"closed","template":"","meta":{"footnotes":""},"class_list":["post-87","page","type-page","status-publish","hentry"],"_links":{"self":[{"href":"https:\/\/yogaparla.es\/index.php?rest_route=\/wp\/v2\/pages\/87","targetHints":{"allow":["GET"]}}],"collection":[{"href":"https:\/\/yogaparla.es\/index.php?rest_route=\/wp\/v2\/pages"}],"about":[{"href":"https:\/\/yogaparla.es\/index.php?rest_route=\/wp\/v2\/types\/page"}],"author":[{"embeddable":true,"href":"https:\/\/yogaparla.es\/index.php?rest_route=\/wp\/v2\/users\/1"}],"replies":[{"embeddable":true,"href":"https:\/\/yogaparla.es\/index.php?rest_route=%2Fwp%2Fv2%2Fcomments&post=87"}],"version-history":[{"count":48,"href":"https:\/\/yogaparla.es\/index.php?rest_route=\/wp\/v2\/pages\/87\/revisions"}],"predecessor-version":[{"id":1928,"href":"https:\/\/yogaparla.es\/index.php?rest_route=\/wp\/v2\/pages\/87\/revisions\/1928"}],"wp:attachment":[{"href":"https:\/\/yogaparla.es\/index.php?rest_route=%2Fwp%2Fv2%2Fmedia&parent=87"}],"curies":[{"name":"wp","href":"https:\/\/api.w.org\/{rel}","templated":true}]}}

<figure class="wp-block-image size-large is-resized"><img loading="lazy" decoding="async" src="https://yogaparla.es/wp-content/uploads/2020/05/Patanjali-web-1024x576.jpg" alt="Canto a Patanjali" class="wp-image-858" width="768" height="432"/><figcaption class="wp-element-caption">Figura de Patanjali en Centro Mushin</figcaption></figure>



<div class="wp-block-group has-vivid-purple-color has-text-color has-background" style="background-color:#ffffff"><div class="wp-block-group__inner-container is-layout-flow wp-block-group-is-layout-flow">
<p class="has-text-align-center has-very-light-gray-color has-text-color has-medium-font-size"><em><span class="has-inline-color has-vivid-purple-color">«Se alude a él como un </span></em><strong><span class="has-inline-color has-vivid-purple-color">svayambhu</span></strong><em><span class="has-inline-color has-vivid-purple-color">, un alma evolucionada encarnada por voluntad propia para ayudar a la humanidad. Asumió forma humana, experimentó nuestras penas y alegrías y aprendió a trascenderlas»</span></em></p>



<p class="has-text-align-center">B.K.S. Iyengar en el Prólogo de su libro Luz sobre los Yoga sutras de Patanjali</p>
</div></div>



<p>Tal y como nos cuentan en diferentes libros, prácticamente todo lo que se conoce de <strong>Patanjali, el maestro del Yoga</strong>, se debe a leyendas contadas a lo largo de los años. Su importancia se debe a ser el <strong>creador de la obra los <em>Yoga Sutras</em></strong>, un texto conciso y directo donde el autor <strong>nos marca el camino que debemos recorrer para alcanzar el conocimiento de nuestra propia naturaleza</strong>. <br>Al inicio de todas las clases, comenzamos con la recitación de un <strong>canto a Patanjali</strong> en señal de agradecimiento por su enseñanza. A continuación, podéis encontrar los dos cantos dedicados al sabio, el primero es el que recitamos.    </p>



<h2 class="wp-block-heading"><strong>Primer canto</strong></h2>



<p class="has-text-align-center has-vivid-purple-color has-text-color"><em><strong>yogena cittasya padena vacam<br>malam sarirasya ca vaidyakena<br>yopakarottam pravaram muninam<br>patanjalim pranjaliranato&#8217;smi</strong></em><br><em><strong>abahu purusakaram<br>sankha cakrasi dharinam<br>sahasra sirasam svetam<br>pranamami patanjalim</strong></em></p>



<p class="has-text-align-center has-small-font-size">Inclinémonos ante Patanjali, el más noble de los sabios, que nos dio el yoga para serenar y santificar la mente, la gramática para clarificar y purificar el habla, y la medicina para perfección de la salud.<br>Postrémonos ante Patanjali, una encarnación de Adisesa, cuyo cuerpo superior tiene una forma humana, cuyos brazos sostienen una concha y un disco, y que está coronado por una cobra de mil cabezas.</p>



<h2 class="wp-block-heading"><strong>Segundo canto</strong></h2>



<p class="has-text-align-center has-vivid-purple-color has-text-color"><em><strong>yastyaktva rupamadyam prabhavati jagato&#8217;nekadhanugrahaya</strong></em><br><strong><em>praksinaklesarasirvisamavisadharo&#8217;nekavaktrah subhogi<br>sarvajñanaprasutirbhujagaparikarah pritaye yasya nityam</em></strong><br><strong><em>devohisah sa vovyatsitavimalatanuryogado yogayuktah</em></strong></p>



<p class="has-text-align-center has-small-font-size">Postrémonos ante el Señor Adisesa, que se manifestó en la Tierra como Patanjali para agraciar a la raza humana con salud y armonía.<br>Saludemos al Señor Adisesa, el de la miríada de cabezas y bocas de serpiente cargadas de dañinos venenos, que dejó a un lado para venir a la Tierra como el virtuoso Patanjali a fin de erradicar la ignorancia y vencer la aflicción.</p>



<p class="has-text-align-center"><mark style="background-color:rgba(0, 0, 0, 0)" class="has-inline-color has-cyan-bluish-gray-color">Incorporamos la traducción al castellano del Canto a Patanjali ofrecida en el libro <em>Luz sobre los Yoga Sutras de Patanjali</em> de B.K.S. Iyengar (Editorial Kairós)</mark></p>



<hr class="wp-block-separator has-css-opacity is-style-wide"/>



<p class="has-text-align-center">Si tienes cualquier consulta, puedes ponerte en <strong>contacto</strong> con nosotros escribiéndonos al email <strong><a rel="noreferrer noopener" href="mailto:info@centromushin.es" target="_blank">info@centromushin.es</a></strong>, llamando al teléfono <strong>+34 91 014 50 52</strong> o rellenando el <strong><a href="https://yogaparla.es/?page_id=142" data-type="page" data-id="142">formulario de contacto</a></strong>.</p>



<div class="wp-block-columns is-layout-flex wp-container-core-columns-is-layout-9d6595d7 wp-block-columns-is-layout-flex">
<div class="wp-block-column is-layout-flow wp-block-column-is-layout-flow">
<div class="wp-block-buttons is-content-justification-left is-layout-flex wp-container-core-buttons-is-layout-fdcfc74e wp-block-buttons-is-layout-flex">
<div class="wp-block-button is-style-outline is-style-outline--2"><a class="wp-block-button__link wp-element-button" href="https://yogaparla.es/?page_id=152">Método de ensañanza</a></div>
</div>
</div>



<div class="wp-block-column is-layout-flow wp-block-column-is-layout-flow">
<div class="wp-block-buttons is-content-justification-left is-layout-flex wp-container-core-buttons-is-layout-fdcfc74e wp-block-buttons-is-layout-flex">
<div class="wp-block-button is-style-outline is-style-outline--3"><a class="wp-block-button__link wp-element-button" href="https://yogaparla.es/?page_id=155">Horario de clases</a></div>
</div>
</div>



<div class="wp-block-column is-layout-flow wp-block-column-is-layout-flow">
<div class="wp-block-buttons is-content-justification-left is-layout-flex wp-container-core-buttons-is-layout-fdcfc74e wp-block-buttons-is-layout-flex">
<div class="wp-block-button is-style-outline is-style-outline--4"><a class="wp-block-button__link wp-element-button" href="https://yogaparla.es/?page_id=757">Blog</a></div>
</div>
</div>
</div>

<p>«Se alude a él como un svayambhu, un alma evolucionada encarnada por voluntad propia para ayudar a la humanidad. Asumió forma humana, experimentó nuestras penas y alegrías y aprendió a trascenderlas» B.K.S. Iyengar en el Prólogo de su libro Luz sobre los Yoga sutras de Patanjali Tal y como nos cuentan en diferentes libros, prácticamente &hellip; </p>
<p class="link-more"><a href="https://yogaparla.es/?page_id=87" class="more-link">Continuar leyendo<span class="screen-reader-text"> «Canto a Patanjali»</span></a></p>
