{"id":5,"date":"2020-03-22T16:36:54","date_gmt":"2020-03-22T16:36:54","guid":{"rendered":"http:\/\/yogaparla.es\/bienvenido-a-http-yogaparla-es"},"modified":"2025-04-26T15:18:33","modified_gmt":"2025-04-26T15:18:33","slug":"profesores-de-yoga","status":"publish","type":"page","link":"https:\/\/yogaparla.es\/?page_id=5","title":{"rendered":"Profesores de Yoga"},"content":{"rendered":"\n<p>\u00a1Bienvenidos a todos! Somos Iv\u00e1n y Pilar, profesores y directores de <a rel=\"noreferrer noopener\" href=\"http:\/\/www.centromushin.es\" target=\"_blank\">Centro Mushin<\/a>. Muchas gracias por interesaros en nuestra actividad y por aquello que nos apasiona. A continuaci\u00f3n pod\u00e9is conocernos mejor. <\/p>\n\n\n\n<h2 class=\"wp-block-heading\"><strong>Pilar Losada<\/strong><\/h2>\n\n\n\n<p class=\"has-small-font-size\">Co-Directora de Centro Mushin<br>Practicante y estudiante en formaci\u00f3n de Yoga Iyengar<br>Profesora de Yoga <br>Posgrado en Ayurveda<\/p>\n\n\n<div class=\"wp-block-image is-style-circle-mask\">\n<figure class=\"aligncenter size-large is-resized\"><img loading=\"lazy\" decoding=\"async\" width=\"1024\" height=\"768\" src=\"https:\/\/yogaparla.es\/wp-content\/uploads\/2020\/03\/IMG_20190531_195120_026-1024x768.jpg\" alt=\"Pilar Losada profesora de yoga de Centro Mushin\" class=\"wp-image-29\" style=\"width:588px;height:441px\" srcset=\"https:\/\/yogaparla.es\/wp-content\/uploads\/2020\/03\/IMG_20190531_195120_026-1024x768.jpg 1024w, https:\/\/yogaparla.es\/wp-content\/uploads\/2020\/03\/IMG_20190531_195120_026-300x225.jpg 300w, https:\/\/yogaparla.es\/wp-content\/uploads\/2020\/03\/IMG_20190531_195120_026-768x576.jpg 768w, https:\/\/yogaparla.es\/wp-content\/uploads\/2020\/03\/IMG_20190531_195120_026-1536x1152.jpg 1536w, https:\/\/yogaparla.es\/wp-content\/uploads\/2020\/03\/IMG_20190531_195120_026-2048x1536.jpg 2048w, https:\/\/yogaparla.es\/wp-content\/uploads\/2020\/03\/IMG_20190531_195120_026-660x495.jpg 660w\" sizes=\"auto, (max-width: 767px) 89vw, (max-width: 1000px) 54vw, (max-width: 1071px) 543px, 580px\" \/><figcaption class=\"wp-element-caption\">Soy Pilar Losada. Asist\u00ed a mi primera sesi\u00f3n de yoga en 1995, con 17 a\u00f1os, en la Casa de la Juventud de M\u00f3stoles, donde se impart\u00edan clases del m\u00e9todo Sivananda. A partir de ese momento, combin\u00e9 mi pr\u00e1ctica de baloncesto con la asistencia a clase de yoga. <br>Durante este tiempo, realic\u00e9 diversas formaciones con la Asociaci\u00f3n de Yoga Integral, la Escuela Internacional de Yoga y la escuela Omma Prenatal. Asimismo, cuento con la convalidaci\u00f3n del Certificado de profesionalidad en Instrucci\u00f3n de Yoga de la Comunidad de Madrid.<br><br>En 2007 asist\u00ed a mi primera clase inspirada en el m\u00e9todo Iyengar y desde 2013 soy alumna de EYI Centro de Yoga Iyengar de Madrid-Sol, donde asisto a clase con mis profesores Patxi Lizardi y Montse Gonz\u00e1lez. Actualmente me encuentro en el proceso de formaci\u00f3n para ser profesora certificada de yoga Iyengar.<br><br>En 2014 comenc\u00e9 mis estudios de Ayurveda en la Escuela Superior de Ayurveda con la Dra. Prachiti Kinikar. Cuento con la titulaci\u00f3n de Posgrado en Ayurveda.<em><br><\/em><\/figcaption><\/figure>\n<\/div>\n\n\n<ul class=\"wp-block-social-links aligncenter is-style-logos-only is-layout-flex wp-block-social-links-is-layout-flex\">\n\n\n\n<li class=\"wp-social-link wp-social-link-instagram  wp-block-social-link\"><a href=\"https:\/\/www.instagram.com\/centromushin\" class=\"wp-block-social-link-anchor\"><svg width=\"24\" height=\"24\" viewBox=\"0 0 24 24\" version=\"1.1\" xmlns=\"http:\/\/www.w3.org\/2000\/svg\" aria-hidden=\"true\" focusable=\"false\"><path d=\"M12,4.622c2.403,0,2.688,0.009,3.637,0.052c0.877,0.04,1.354,0.187,1.671,0.31c0.42,0.163,0.72,0.358,1.035,0.673 c0.315,0.315,0.51,0.615,0.673,1.035c0.123,0.317,0.27,0.794,0.31,1.671c0.043,0.949,0.052,1.234,0.052,3.637 s-0.009,2.688-0.052,3.637c-0.04,0.877-0.187,1.354-0.31,1.671c-0.163,0.42-0.358,0.72-0.673,1.035 c-0.315,0.315-0.615,0.51-1.035,0.673c-0.317,0.123-0.794,0.27-1.671,0.31c-0.949,0.043-1.233,0.052-3.637,0.052 s-2.688-0.009-3.637-0.052c-0.877-0.04-1.354-0.187-1.671-0.31c-0.42-0.163-0.72-0.358-1.035-0.673 c-0.315-0.315-0.51-0.615-0.673-1.035c-0.123-0.317-0.27-0.794-0.31-1.671C4.631,14.688,4.622,14.403,4.622,12 s0.009-2.688,0.052-3.637c0.04-0.877,0.187-1.354,0.31-1.671c0.163-0.42,0.358-0.72,0.673-1.035 c0.315-0.315,0.615-0.51,1.035-0.673c0.317-0.123,0.794-0.27,1.671-0.31C9.312,4.631,9.597,4.622,12,4.622 M12,3 C9.556,3,9.249,3.01,8.289,3.054C7.331,3.098,6.677,3.25,6.105,3.472C5.513,3.702,5.011,4.01,4.511,4.511 c-0.5,0.5-0.808,1.002-1.038,1.594C3.25,6.677,3.098,7.331,3.054,8.289C3.01,9.249,3,9.556,3,12c0,2.444,0.01,2.751,0.054,3.711 c0.044,0.958,0.196,1.612,0.418,2.185c0.23,0.592,0.538,1.094,1.038,1.594c0.5,0.5,1.002,0.808,1.594,1.038 c0.572,0.222,1.227,0.375,2.185,0.418C9.249,20.99,9.556,21,12,21s2.751-0.01,3.711-0.054c0.958-0.044,1.612-0.196,2.185-0.418 c0.592-0.23,1.094-0.538,1.594-1.038c0.5-0.5,0.808-1.002,1.038-1.594c0.222-0.572,0.375-1.227,0.418-2.185 C20.99,14.751,21,14.444,21,12s-0.01-2.751-0.054-3.711c-0.044-0.958-0.196-1.612-0.418-2.185c-0.23-0.592-0.538-1.094-1.038-1.594 c-0.5-0.5-1.002-0.808-1.594-1.038c-0.572-0.222-1.227-0.375-2.185-0.418C14.751,3.01,14.444,3,12,3L12,3z M12,7.378 c-2.552,0-4.622,2.069-4.622,4.622S9.448,16.622,12,16.622s4.622-2.069,4.622-4.622S14.552,7.378,12,7.378z M12,15 c-1.657,0-3-1.343-3-3s1.343-3,3-3s3,1.343,3,3S13.657,15,12,15z M16.804,6.116c-0.596,0-1.08,0.484-1.08,1.08 s0.484,1.08,1.08,1.08c0.596,0,1.08-0.484,1.08-1.08S17.401,6.116,16.804,6.116z\"><\/path><\/svg><span class=\"wp-block-social-link-label screen-reader-text\">Instagram<\/span><\/a><\/li>\n\n\n\n<\/ul>\n\n\n\n<hr class=\"wp-block-separator has-css-opacity is-style-wide\"\/>\n\n\n\n<h2 class=\"wp-block-heading\"><strong>Iv\u00e1n Arroyo<\/strong><\/h2>\n\n\n\n<p class=\"has-small-font-size\">Co-Director de Centro Mushin<br>Profesor de Yoga<br>Profesor de Aikido<br>Titulado Superior en Medicina Tradicional China<\/p>\n\n\n<div class=\"wp-block-image is-style-circle-mask\">\n<figure class=\"aligncenter size-large\"><img loading=\"lazy\" decoding=\"async\" width=\"1024\" height=\"1024\" src=\"https:\/\/yogaparla.es\/wp-content\/uploads\/2020\/04\/Ivan-Arroyo-Profesores-de-Yoga-de-Centro-Mushin-1024x1024.jpg\" alt=\"Iv\u00e1n Arroyo Profesores de Yoga de Centro Mushin\" class=\"wp-image-724\" srcset=\"https:\/\/yogaparla.es\/wp-content\/uploads\/2020\/04\/Ivan-Arroyo-Profesores-de-Yoga-de-Centro-Mushin-1024x1024.jpg 1024w, https:\/\/yogaparla.es\/wp-content\/uploads\/2020\/04\/Ivan-Arroyo-Profesores-de-Yoga-de-Centro-Mushin-300x300.jpg 300w, https:\/\/yogaparla.es\/wp-content\/uploads\/2020\/04\/Ivan-Arroyo-Profesores-de-Yoga-de-Centro-Mushin-150x150.jpg 150w, https:\/\/yogaparla.es\/wp-content\/uploads\/2020\/04\/Ivan-Arroyo-Profesores-de-Yoga-de-Centro-Mushin-768x768.jpg 768w, https:\/\/yogaparla.es\/wp-content\/uploads\/2020\/04\/Ivan-Arroyo-Profesores-de-Yoga-de-Centro-Mushin-100x100.jpg 100w, https:\/\/yogaparla.es\/wp-content\/uploads\/2020\/04\/Ivan-Arroyo-Profesores-de-Yoga-de-Centro-Mushin-1320x1320.jpg 1320w, https:\/\/yogaparla.es\/wp-content\/uploads\/2020\/04\/Ivan-Arroyo-Profesores-de-Yoga-de-Centro-Mushin.jpg 1497w\" sizes=\"auto, (max-width: 767px) 89vw, (max-width: 1000px) 54vw, (max-width: 1071px) 543px, 580px\" \/><figcaption class=\"wp-element-caption\">Soy Iv\u00e1n Arroyo. Desde muy ni\u00f1o he practicado artes marciales y, por suerte para m\u00ed, aunque en aquel momento no fuera consciente de ello, particip\u00e9 en muy pocas competiciones y gan\u00e9 a\u00fan muchas menos. Es por ello que nunca llegu\u00e9 a pensar que hab\u00eda conseguido alg\u00fan tipo de meta o umbral. Es decir, no consideraba que habiendo conseguido ciertos objetivos deportivos ya no era necesario practicar m\u00e1s.<br>Con el tiempo y la perseverancia descubr\u00ed que no practicaba un deporte, sino una disciplina. Aunque todas las t\u00e9cnicas y ejercicios estaban dedicados a emplear el cuerpo para defenderse de ataques externos, en realidad, lo que m\u00e1s desarrollas es la mente y el esp\u00edritu. De esta forma, facilitas la aparici\u00f3n de nuevas perspectivas e ideas, que me proporcionaban capacidades para ponerlas en pr\u00e1ctica. De pronto, el deporte se convirti\u00f3 en disciplina, una disciplina que requiere de un trabajo tan mental como f\u00edsico.<br>A lo largo de los a\u00f1os, he estado en contacto con el yoga, entendiendo que se trataba de otro camino que segu\u00eda la misma direcci\u00f3n. Los conceptos, las ideas y el aprendizaje de ambas disciplinas se han ido entretejiendo y esto me llev\u00f3 a tomar la pr\u00e1ctica de yoga de forma regular en 2012. Son cinco a\u00f1os despu\u00e9s cuando incorporo la pr\u00e1ctica diaria a mi d\u00eda a d\u00eda.<br>En la actualidad, compagino el estudio y la pr\u00e1ctica del yoga con el de las artes marciales, en concreto Aikido, y en ambos casos, sigo recibiendo ense\u00f1anza y comparto mi experiencia en las clases que imparto.<br>En 2024 he obtenido la convalidaci\u00f3n del Certificado de profesionalidad en Instrucci\u00f3n de Yoga de la Comunidad de Madrid. <em><br><\/em><\/figcaption><\/figure>\n<\/div>\n\n\n<hr class=\"wp-block-separator has-css-opacity is-style-wide\"\/>\n\n\n\n<div class=\"wp-block-buttons is-horizontal is-content-justification-center is-layout-flex wp-container-core-buttons-is-layout-499968f5 wp-block-buttons-is-layout-flex\">\n<div class=\"wp-block-button is-style-outline is-style-outline--2\"><a class=\"wp-block-button__link no-border-radius wp-element-button\" href=\"https:\/\/yogaparla.es\/?page_id=155\">Clases de Yoga<\/a><\/div>\n<\/div>\n\n\n\n<p><\/p>\n","protected":false},"excerpt":{"rendered":"<p>\u00a1Bienvenidos a todos! Somos Iv\u00e1n y Pilar, profesores y directores de Centro Mushin. Muchas gracias por interesaros en nuestra actividad y por aquello que nos apasiona. A continuaci\u00f3n pod\u00e9is conocernos mejor. Pilar Losada Co-Directora de Centro MushinPracticante y estudiante en formaci\u00f3n de Yoga IyengarProfesora de Yoga Posgrado en Ayurveda Iv\u00e1n Arroyo Co-Director de Centro MushinProfesor &hellip; <\/p>\n<p class=\"link-more\"><a href=\"https:\/\/yogaparla.es\/?page_id=5\" class=\"more-link\">Continuar leyendo<span class=\"screen-reader-text\"> \u00abProfesores de Yoga\u00bb<\/span><\/a><\/p>\n","protected":false},"author":1,"featured_media":0,"parent":0,"menu_order":0,"comment_status":"closed","ping_status":"open","template":"","meta":{"footnotes":""},"class_list":["post-5","page","type-page","status-publish","hentry"],"_links":{"self":[{"href":"https:\/\/yogaparla.es\/index.php?rest_route=\/wp\/v2\/pages\/5","targetHints":{"allow":["GET"]}}],"collection":[{"href":"https:\/\/yogaparla.es\/index.php?rest_route=\/wp\/v2\/pages"}],"about":[{"href":"https:\/\/yogaparla.es\/index.php?rest_route=\/wp\/v2\/types\/page"}],"author":[{"embeddable":true,"href":"https:\/\/yogaparla.es\/index.php?rest_route=\/wp\/v2\/users\/1"}],"replies":[{"embeddable":true,"href":"https:\/\/yogaparla.es\/index.php?rest_route=%2Fwp%2Fv2%2Fcomments&post=5"}],"version-history":[{"count":55,"href":"https:\/\/yogaparla.es\/index.php?rest_route=\/wp\/v2\/pages\/5\/revisions"}],"predecessor-version":[{"id":2529,"href":"https:\/\/yogaparla.es\/index.php?rest_route=\/wp\/v2\/pages\/5\/revisions\/2529"}],"wp:attachment":[{"href":"https:\/\/yogaparla.es\/index.php?rest_route=%2Fwp%2Fv2%2Fmedia&parent=5"}],"curies":[{"name":"wp","href":"https:\/\/api.w.org\/{rel}","templated":true}]}}

<p>¡Bienvenidos a todos! Somos Iván y Pilar, profesores y directores de <a rel="noreferrer noopener" href="http://www.centromushin.es" target="_blank">Centro Mushin</a>. Muchas gracias por interesaros en nuestra actividad y por aquello que nos apasiona. A continuación podéis conocernos mejor. </p>



<h2 class="wp-block-heading"><strong>Pilar Losada</strong></h2>



<p class="has-small-font-size">Co-Directora de Centro Mushin<br>Practicante y estudiante en formación de Yoga Iyengar<br>Profesora de Yoga <br>Posgrado en Ayurveda</p>


<div class="wp-block-image is-style-circle-mask">
<figure class="aligncenter size-large is-resized"><img loading="lazy" decoding="async" width="1024" height="768" src="https://yogaparla.es/wp-content/uploads/2020/03/IMG_20190531_195120_026-1024x768.jpg" alt="Pilar Losada profesora de yoga de Centro Mushin" class="wp-image-29" style="width:588px;height:441px" srcset="https://yogaparla.es/wp-content/uploads/2020/03/IMG_20190531_195120_026-1024x768.jpg 1024w, https://yogaparla.es/wp-content/uploads/2020/03/IMG_20190531_195120_026-300x225.jpg 300w, https://yogaparla.es/wp-content/uploads/2020/03/IMG_20190531_195120_026-768x576.jpg 768w, https://yogaparla.es/wp-content/uploads/2020/03/IMG_20190531_195120_026-1536x1152.jpg 1536w, https://yogaparla.es/wp-content/uploads/2020/03/IMG_20190531_195120_026-2048x1536.jpg 2048w, https://yogaparla.es/wp-content/uploads/2020/03/IMG_20190531_195120_026-660x495.jpg 660w" sizes="auto, (max-width: 767px) 89vw, (max-width: 1000px) 54vw, (max-width: 1071px) 543px, 580px" /><figcaption class="wp-element-caption">Soy Pilar Losada. Asistí a mi primera sesión de yoga en 1995, con 17 años, en la Casa de la Juventud de Móstoles, donde se impartían clases del método Sivananda. A partir de ese momento, combiné mi práctica de baloncesto con la asistencia a clase de yoga. <br>Durante este tiempo, realicé diversas formaciones con la Asociación de Yoga Integral, la Escuela Internacional de Yoga y la escuela Omma Prenatal. Asimismo, cuento con la convalidación del Certificado de profesionalidad en Instrucción de Yoga de la Comunidad de Madrid.<br><br>En 2007 asistí a mi primera clase inspirada en el método Iyengar y desde 2013 soy alumna de EYI Centro de Yoga Iyengar de Madrid-Sol, donde asisto a clase con mis profesores Patxi Lizardi y Montse González. Actualmente me encuentro en el proceso de formación para ser profesora certificada de yoga Iyengar.<br><br>En 2014 comencé mis estudios de Ayurveda en la Escuela Superior de Ayurveda con la Dra. Prachiti Kinikar. Cuento con la titulación de Posgrado en Ayurveda.<em><br></em></figcaption></figure>
</div>


<ul class="wp-block-social-links aligncenter is-style-logos-only is-layout-flex wp-block-social-links-is-layout-flex">



<li class="wp-social-link wp-social-link-instagram  wp-block-social-link"><a href="https://www.instagram.com/centromushin" class="wp-block-social-link-anchor"><svg width="24" height="24" viewBox="0 0 24 24" version="1.1" xmlns="http://www.w3.org/2000/svg" aria-hidden="true" focusable="false"><path d="M12,4.622c2.403,0,2.688,0.009,3.637,0.052c0.877,0.04,1.354,0.187,1.671,0.31c0.42,0.163,0.72,0.358,1.035,0.673 c0.315,0.315,0.51,0.615,0.673,1.035c0.123,0.317,0.27,0.794,0.31,1.671c0.043,0.949,0.052,1.234,0.052,3.637 s-0.009,2.688-0.052,3.637c-0.04,0.877-0.187,1.354-0.31,1.671c-0.163,0.42-0.358,0.72-0.673,1.035 c-0.315,0.315-0.615,0.51-1.035,0.673c-0.317,0.123-0.794,0.27-1.671,0.31c-0.949,0.043-1.233,0.052-3.637,0.052 s-2.688-0.009-3.637-0.052c-0.877-0.04-1.354-0.187-1.671-0.31c-0.42-0.163-0.72-0.358-1.035-0.673 c-0.315-0.315-0.51-0.615-0.673-1.035c-0.123-0.317-0.27-0.794-0.31-1.671C4.631,14.688,4.622,14.403,4.622,12 s0.009-2.688,0.052-3.637c0.04-0.877,0.187-1.354,0.31-1.671c0.163-0.42,0.358-0.72,0.673-1.035 c0.315-0.315,0.615-0.51,1.035-0.673c0.317-0.123,0.794-0.27,1.671-0.31C9.312,4.631,9.597,4.622,12,4.622 M12,3 C9.556,3,9.249,3.01,8.289,3.054C7.331,3.098,6.677,3.25,6.105,3.472C5.513,3.702,5.011,4.01,4.511,4.511 c-0.5,0.5-0.808,1.002-1.038,1.594C3.25,6.677,3.098,7.331,3.054,8.289C3.01,9.249,3,9.556,3,12c0,2.444,0.01,2.751,0.054,3.711 c0.044,0.958,0.196,1.612,0.418,2.185c0.23,0.592,0.538,1.094,1.038,1.594c0.5,0.5,1.002,0.808,1.594,1.038 c0.572,0.222,1.227,0.375,2.185,0.418C9.249,20.99,9.556,21,12,21s2.751-0.01,3.711-0.054c0.958-0.044,1.612-0.196,2.185-0.418 c0.592-0.23,1.094-0.538,1.594-1.038c0.5-0.5,0.808-1.002,1.038-1.594c0.222-0.572,0.375-1.227,0.418-2.185 C20.99,14.751,21,14.444,21,12s-0.01-2.751-0.054-3.711c-0.044-0.958-0.196-1.612-0.418-2.185c-0.23-0.592-0.538-1.094-1.038-1.594 c-0.5-0.5-1.002-0.808-1.594-1.038c-0.572-0.222-1.227-0.375-2.185-0.418C14.751,3.01,14.444,3,12,3L12,3z M12,7.378 c-2.552,0-4.622,2.069-4.622,4.622S9.448,16.622,12,16.622s4.622-2.069,4.622-4.622S14.552,7.378,12,7.378z M12,15 c-1.657,0-3-1.343-3-3s1.343-3,3-3s3,1.343,3,3S13.657,15,12,15z M16.804,6.116c-0.596,0-1.08,0.484-1.08,1.08 s0.484,1.08,1.08,1.08c0.596,0,1.08-0.484,1.08-1.08S17.401,6.116,16.804,6.116z"></path></svg><span class="wp-block-social-link-label screen-reader-text">Instagram</span></a></li>



</ul>



<hr class="wp-block-separator has-css-opacity is-style-wide"/>



<h2 class="wp-block-heading"><strong>Iván Arroyo</strong></h2>



<p class="has-small-font-size">Co-Director de Centro Mushin<br>Profesor de Yoga<br>Profesor de Aikido<br>Titulado Superior en Medicina Tradicional China</p>


<div class="wp-block-image is-style-circle-mask">
<figure class="aligncenter size-large"><img loading="lazy" decoding="async" width="1024" height="1024" src="https://yogaparla.es/wp-content/uploads/2020/04/Ivan-Arroyo-Profesores-de-Yoga-de-Centro-Mushin-1024x1024.jpg" alt="Iván Arroyo Profesores de Yoga de Centro Mushin" class="wp-image-724" srcset="https://yogaparla.es/wp-content/uploads/2020/04/Ivan-Arroyo-Profesores-de-Yoga-de-Centro-Mushin-1024x1024.jpg 1024w, https://yogaparla.es/wp-content/uploads/2020/04/Ivan-Arroyo-Profesores-de-Yoga-de-Centro-Mushin-300x300.jpg 300w, https://yogaparla.es/wp-content/uploads/2020/04/Ivan-Arroyo-Profesores-de-Yoga-de-Centro-Mushin-150x150.jpg 150w, https://yogaparla.es/wp-content/uploads/2020/04/Ivan-Arroyo-Profesores-de-Yoga-de-Centro-Mushin-768x768.jpg 768w, https://yogaparla.es/wp-content/uploads/2020/04/Ivan-Arroyo-Profesores-de-Yoga-de-Centro-Mushin-100x100.jpg 100w, https://yogaparla.es/wp-content/uploads/2020/04/Ivan-Arroyo-Profesores-de-Yoga-de-Centro-Mushin-1320x1320.jpg 1320w, https://yogaparla.es/wp-content/uploads/2020/04/Ivan-Arroyo-Profesores-de-Yoga-de-Centro-Mushin.jpg 1497w" sizes="auto, (max-width: 767px) 89vw, (max-width: 1000px) 54vw, (max-width: 1071px) 543px, 580px" /><figcaption class="wp-element-caption">Soy Iván Arroyo. Desde muy niño he practicado artes marciales y, por suerte para mí, aunque en aquel momento no fuera consciente de ello, participé en muy pocas competiciones y gané aún muchas menos. Es por ello que nunca llegué a pensar que había conseguido algún tipo de meta o umbral. Es decir, no consideraba que habiendo conseguido ciertos objetivos deportivos ya no era necesario practicar más.<br>Con el tiempo y la perseverancia descubrí que no practicaba un deporte, sino una disciplina. Aunque todas las técnicas y ejercicios estaban dedicados a emplear el cuerpo para defenderse de ataques externos, en realidad, lo que más desarrollas es la mente y el espíritu. De esta forma, facilitas la aparición de nuevas perspectivas e ideas, que me proporcionaban capacidades para ponerlas en práctica. De pronto, el deporte se convirtió en disciplina, una disciplina que requiere de un trabajo tan mental como físico.<br>A lo largo de los años, he estado en contacto con el yoga, entendiendo que se trataba de otro camino que seguía la misma dirección. Los conceptos, las ideas y el aprendizaje de ambas disciplinas se han ido entretejiendo y esto me llevó a tomar la práctica de yoga de forma regular en 2012. Son cinco años después cuando incorporo la práctica diaria a mi día a día.<br>En la actualidad, compagino el estudio y la práctica del yoga con el de las artes marciales, en concreto Aikido, y en ambos casos, sigo recibiendo enseñanza y comparto mi experiencia en las clases que imparto.<br>En 2024 he obtenido la convalidación del Certificado de profesionalidad en Instrucción de Yoga de la Comunidad de Madrid. <em><br></em></figcaption></figure>
</div>


<hr class="wp-block-separator has-css-opacity is-style-wide"/>



<div class="wp-block-buttons is-horizontal is-content-justification-center is-layout-flex wp-container-core-buttons-is-layout-499968f5 wp-block-buttons-is-layout-flex">
<div class="wp-block-button is-style-outline is-style-outline--2"><a class="wp-block-button__link no-border-radius wp-element-button" href="https://yogaparla.es/?page_id=155">Clases de Yoga</a></div>
</div>



<p></p>

<p>¡Bienvenidos a todos! Somos Iván y Pilar, profesores y directores de Centro Mushin. Muchas gracias por interesaros en nuestra actividad y por aquello que nos apasiona. A continuación podéis conocernos mejor. Pilar Losada Co-Directora de Centro MushinPracticante y estudiante en formación de Yoga IyengarProfesora de Yoga Posgrado en Ayurveda Iván Arroyo Co-Director de Centro MushinProfesor &hellip; </p>
<p class="link-more"><a href="https://yogaparla.es/?page_id=5" class="more-link">Continuar leyendo<span class="screen-reader-text"> «Profesores de Yoga»</span></a></p>
