{"id":4,"date":"2020-03-22T16:36:54","date_gmt":"2020-03-22T16:36:54","guid":{"rendered":"http:\/\/yogaparla.es\/bienvenido-a-http-yogaparla-es"},"modified":"2025-08-10T21:14:47","modified_gmt":"2025-08-10T21:14:47","slug":"bienvenidos-a-nuestras-clases-de-yoga","status":"publish","type":"page","link":"https:\/\/yogaparla.es\/","title":{"rendered":"Bienvenidos a nuestra Escuela de Yoga"},"content":{"rendered":"\n<p>Comenzamos nuestra actividad en <strong>2012<\/strong> y desde entonces estamos centrados en difundir la ense\u00f1anza de Yoga en la <strong>zona sur de Madrid<\/strong>.<\/p>\n\n\n\n<p>Impartimos <strong>clases de yoga Iyengar de lunes a viernes<\/strong> en <a href=\"https:\/\/yogaparla.es\/?page_id=155\" data-type=\"URL\" data-id=\"https:\/\/yogaparla.es\/?page_id=155\">horario<\/a> de ma\u00f1ana y de tarde para <strong>diferentes <a href=\"https:\/\/yogaparla.es\/?page_id=152\" data-type=\"URL\" data-id=\"https:\/\/yogaparla.es\/?page_id=152\">niveles de pr\u00e1ctica<\/a><\/strong>.<\/p>\n\n\n\n<p>Asimismo, realizamos talleres e intensivos en fin de semana a lo largo del curso: <a href=\"https:\/\/yogaparla.es\/?page_id=237\" data-type=\"URL\" data-id=\"https:\/\/yogaparla.es\/?page_id=237\"><strong>intensivos<\/strong><\/a>.<\/p>\n","protected":false},"excerpt":{"rendered":"<p>Comenzamos nuestra actividad en 2012 y desde entonces estamos centrados en difundir la ense\u00f1anza de Yoga en la zona sur de Madrid. Impartimos clases de yoga Iyengar de lunes a viernes en horario de ma\u00f1ana y de tarde para diferentes niveles de pr\u00e1ctica. Asimismo, realizamos talleres e intensivos en fin de semana a lo largo &hellip; <\/p>\n<p class=\"link-more\"><a href=\"https:\/\/yogaparla.es\/\" class=\"more-link\">Continuar leyendo<span class=\"screen-reader-text\"> \u00abBienvenidos a nuestra Escuela de Yoga\u00bb<\/span><\/a><\/p>\n","protected":false},"author":1,"featured_media":2604,"parent":0,"menu_order":0,"comment_status":"closed","ping_status":"open","template":"","meta":{"footnotes":""},"class_list":["post-4","page","type-page","status-publish","has-post-thumbnail","hentry"],"_links":{"self":[{"href":"https:\/\/yogaparla.es\/index.php?rest_route=\/wp\/v2\/pages\/4","targetHints":{"allow":["GET"]}}],"collection":[{"href":"https:\/\/yogaparla.es\/index.php?rest_route=\/wp\/v2\/pages"}],"about":[{"href":"https:\/\/yogaparla.es\/index.php?rest_route=\/wp\/v2\/types\/page"}],"author":[{"embeddable":true,"href":"https:\/\/yogaparla.es\/index.php?rest_route=\/wp\/v2\/users\/1"}],"replies":[{"embeddable":true,"href":"https:\/\/yogaparla.es\/index.php?rest_route=%2Fwp%2Fv2%2Fcomments&post=4"}],"version-history":[{"count":121,"href":"https:\/\/yogaparla.es\/index.php?rest_route=\/wp\/v2\/pages\/4\/revisions"}],"predecessor-version":[{"id":2670,"href":"https:\/\/yogaparla.es\/index.php?rest_route=\/wp\/v2\/pages\/4\/revisions\/2670"}],"wp:featuredmedia":[{"embeddable":true,"href":"https:\/\/yogaparla.es\/index.php?rest_route=\/wp\/v2\/media\/2604"}],"wp:attachment":[{"href":"https:\/\/yogaparla.es\/index.php?rest_route=%2Fwp%2Fv2%2Fmedia&parent=4"}],"curies":[{"name":"wp","href":"https:\/\/api.w.org\/{rel}","templated":true}]}}

<p>Comenzamos nuestra actividad en <strong>2012</strong> y desde entonces estamos centrados en difundir la enseñanza de Yoga en la <strong>zona sur de Madrid</strong>.</p>



<p>Impartimos <strong>clases de yoga Iyengar de lunes a viernes</strong> en <a href="https://yogaparla.es/?page_id=155" data-type="URL" data-id="https://yogaparla.es/?page_id=155">horario</a> de mañana y de tarde para <strong>diferentes <a href="https://yogaparla.es/?page_id=152" data-type="URL" data-id="https://yogaparla.es/?page_id=152">niveles de práctica</a></strong>.</p>



<p>Asimismo, realizamos talleres e intensivos en fin de semana a lo largo del curso: <a href="https://yogaparla.es/?page_id=237" data-type="URL" data-id="https://yogaparla.es/?page_id=237"><strong>intensivos</strong></a>.</p>

<p>Comenzamos nuestra actividad en 2012 y desde entonces estamos centrados en difundir la enseñanza de Yoga en la zona sur de Madrid. Impartimos clases de yoga Iyengar de lunes a viernes en horario de mañana y de tarde para diferentes niveles de práctica. Asimismo, realizamos talleres e intensivos en fin de semana a lo largo &hellip; </p>
<p class="link-more"><a href="https://yogaparla.es/" class="more-link">Continuar leyendo<span class="screen-reader-text"> «Bienvenidos a nuestra Escuela de Yoga»</span></a></p>
