{"id":247,"date":"2020-04-10T17:15:24","date_gmt":"2020-04-10T17:15:24","guid":{"rendered":"http:\/\/yogaparla.es\/?page_id=247"},"modified":"2026-02-24T16:14:23","modified_gmt":"2026-02-24T16:14:23","slug":"sesiones-de-meditacion","status":"publish","type":"page","link":"https:\/\/yogaparla.es\/?page_id=247","title":{"rendered":"Filosof\u00eda y estudio"},"content":{"rendered":"\n<figure class=\"wp-block-image size-large is-resized\"><img loading=\"lazy\" decoding=\"async\" width=\"768\" height=\"1024\" src=\"https:\/\/yogaparla.es\/wp-content\/uploads\/2026\/02\/Imagen-de-WhatsApp-2025-10-08-a-las-11.56.40_3fadebd1-768x1024.jpg\" alt=\"\" class=\"wp-image-2721\" style=\"aspect-ratio:3\/2;object-fit:cover;width:768px\" srcset=\"https:\/\/yogaparla.es\/wp-content\/uploads\/2026\/02\/Imagen-de-WhatsApp-2025-10-08-a-las-11.56.40_3fadebd1-768x1024.jpg 768w, https:\/\/yogaparla.es\/wp-content\/uploads\/2026\/02\/Imagen-de-WhatsApp-2025-10-08-a-las-11.56.40_3fadebd1-225x300.jpg 225w, https:\/\/yogaparla.es\/wp-content\/uploads\/2026\/02\/Imagen-de-WhatsApp-2025-10-08-a-las-11.56.40_3fadebd1-1152x1536.jpg 1152w, https:\/\/yogaparla.es\/wp-content\/uploads\/2026\/02\/Imagen-de-WhatsApp-2025-10-08-a-las-11.56.40_3fadebd1.jpg 1200w\" sizes=\"auto, (max-width: 767px) 89vw, (max-width: 1000px) 54vw, (max-width: 1071px) 543px, 580px\" \/><\/figure>\n\n\n\n<h2 class=\"wp-block-heading\">FECHA 2025\/26:<\/h2>\n\n\n\n<div class=\"wp-block-columns is-layout-flex wp-container-core-columns-is-layout-9d6595d7 wp-block-columns-is-layout-flex\">\n<div class=\"wp-block-column is-layout-flow wp-block-column-is-layout-flow\">\n<figure class=\"wp-block-table is-style-stripes\"><table class=\"has-fixed-layout\"><thead><tr><th class=\"has-text-align-center\" data-align=\"center\"><mark style=\"background-color:rgba(0, 0, 0, 0)\" class=\"has-inline-color has-vivid-purple-color\">02 noviembre 2025<\/mark><\/th><th class=\"has-text-align-center\" data-align=\"center\"><mark style=\"background-color:rgba(0, 0, 0, 0)\" class=\"has-inline-color has-vivid-purple-color\">15 febrero 2026<\/mark><\/th><th class=\"has-text-align-center\" data-align=\"center\"><mark style=\"background-color:rgba(0, 0, 0, 0)\" class=\"has-inline-color has-vivid-purple-color\">31 mayo 2026<\/mark><\/th><\/tr><\/thead><tbody><tr><td class=\"has-text-align-center\" data-align=\"center\">Introducci\u00f3n Sadhana Pada<br><em>Yoga Sutras de Patanjali<\/em><br>(I)<\/td><td class=\"has-text-align-center\" data-align=\"center\">Introducci\u00f3n Sadhana Pada<br><em>Yoga Sutras de Patanjali<\/em><br>(II)<\/td><td class=\"has-text-align-center\" data-align=\"center\">Introducci\u00f3n Sadhana Pada<br><em>Yoga Sutras de Patanjali<\/em><br>(III)<\/td><\/tr><tr><td class=\"has-text-align-center\" data-align=\"center\">de 9.30 a 11 h.<\/td><td class=\"has-text-align-center\" data-align=\"center\">de 9.30 a 11 h.<\/td><td class=\"has-text-align-center\" data-align=\"center\">de 9.30 a 11 h.<\/td><\/tr><\/tbody><\/table><\/figure>\n<\/div>\n<\/div>\n\n\n\n<p>Los <strong>practicantes de otras escuelas<\/strong> que est\u00e9n interesados en asistir a estas sesiones pueden ponerse en contacto con nosotros escribi\u00e9ndonos a <a href=\"mailto:info@centromushin.es\">info@centromushin.es<\/a>.<\/p>\n\n\n\n<hr class=\"wp-block-separator has-css-opacity is-style-wide\"\/>\n\n\n\n<p class=\"has-text-align-center\">Si tienes cualquier consulta, puedes ponerte en <strong>contacto<\/strong> con nosotros escribi\u00e9ndonos al email <strong><a rel=\"noreferrer noopener\" href=\"mailto:info@centromushin.es\" target=\"_blank\">info@centromushin.es<\/a><\/strong>, llamando al tel\u00e9fono <strong>+34 91 014 50 52<\/strong> o rellenando el <strong><a href=\"https:\/\/yogaparla.es\/?page_id=142\" data-type=\"page\" data-id=\"142\">formulario de contacto<\/a><\/strong>.<\/p>\n\n\n\n<div class=\"wp-block-columns is-layout-flex wp-container-core-columns-is-layout-9d6595d7 wp-block-columns-is-layout-flex\">\n<div class=\"wp-block-column is-layout-flow wp-block-column-is-layout-flow\">\n<div class=\"wp-block-buttons is-horizontal is-content-justification-left is-layout-flex wp-container-core-buttons-is-layout-7e5fce0a wp-block-buttons-is-layout-flex\">\n<div class=\"wp-block-button is-style-outline is-style-outline--2\"><a class=\"wp-block-button__link no-border-radius wp-element-button\" href=\"https:\/\/yogaparla.es\/?page_id=155\">Clases<\/a><\/div>\n<\/div>\n<\/div>\n\n\n\n<div class=\"wp-block-column is-layout-flow wp-block-column-is-layout-flow\">\n<div class=\"wp-block-buttons is-horizontal is-content-justification-left is-layout-flex wp-container-core-buttons-is-layout-7e5fce0a wp-block-buttons-is-layout-flex\">\n<div class=\"wp-block-button is-style-outline is-style-outline--3\"><a class=\"wp-block-button__link no-border-radius wp-element-button\" href=\"https:\/\/yogaparla.es\/?page_id=237\">Intensivos<\/a><\/div>\n<\/div>\n<\/div>\n\n\n\n<div class=\"wp-block-column is-layout-flow wp-block-column-is-layout-flow\">\n<div class=\"wp-block-buttons is-horizontal is-content-justification-left is-layout-flex wp-container-core-buttons-is-layout-7e5fce0a wp-block-buttons-is-layout-flex\">\n<div class=\"wp-block-button is-style-outline is-style-outline--4\"><a class=\"wp-block-button__link no-border-radius wp-element-button\" href=\"https:\/\/yogaparla.es\/?page_id=152\">M\u00e9todo de ense\u00f1anza<\/a><\/div>\n<\/div>\n\n\n\n<p><\/p>\n<\/div>\n<\/div>\n","protected":false},"excerpt":{"rendered":"<p>FECHA 2025\/26: 02 noviembre 2025 15 febrero 2026 31 mayo 2026 Introducci\u00f3n Sadhana PadaYoga Sutras de Patanjali(I) Introducci\u00f3n Sadhana PadaYoga Sutras de Patanjali(II) Introducci\u00f3n Sadhana PadaYoga Sutras de Patanjali(III) de 9.30 a 11 h. de 9.30 a 11 h. de 9.30 a 11 h. Los practicantes de otras escuelas que est\u00e9n interesados en asistir a &hellip; <\/p>\n<p class=\"link-more\"><a href=\"https:\/\/yogaparla.es\/?page_id=247\" class=\"more-link\">Continuar leyendo<span class=\"screen-reader-text\"> \u00abFilosof\u00eda y estudio\u00bb<\/span><\/a><\/p>\n","protected":false},"author":1,"featured_media":0,"parent":0,"menu_order":0,"comment_status":"closed","ping_status":"closed","template":"","meta":{"footnotes":""},"class_list":["post-247","page","type-page","status-publish","hentry"],"_links":{"self":[{"href":"https:\/\/yogaparla.es\/index.php?rest_route=\/wp\/v2\/pages\/247","targetHints":{"allow":["GET"]}}],"collection":[{"href":"https:\/\/yogaparla.es\/index.php?rest_route=\/wp\/v2\/pages"}],"about":[{"href":"https:\/\/yogaparla.es\/index.php?rest_route=\/wp\/v2\/types\/page"}],"author":[{"embeddable":true,"href":"https:\/\/yogaparla.es\/index.php?rest_route=\/wp\/v2\/users\/1"}],"replies":[{"embeddable":true,"href":"https:\/\/yogaparla.es\/index.php?rest_route=%2Fwp%2Fv2%2Fcomments&post=247"}],"version-history":[{"count":60,"href":"https:\/\/yogaparla.es\/index.php?rest_route=\/wp\/v2\/pages\/247\/revisions"}],"predecessor-version":[{"id":2722,"href":"https:\/\/yogaparla.es\/index.php?rest_route=\/wp\/v2\/pages\/247\/revisions\/2722"}],"wp:attachment":[{"href":"https:\/\/yogaparla.es\/index.php?rest_route=%2Fwp%2Fv2%2Fmedia&parent=247"}],"curies":[{"name":"wp","href":"https:\/\/api.w.org\/{rel}","templated":true}]}}

Filosofía y estudio

<figure class="wp-block-image size-large is-resized"><img loading="lazy" decoding="async" width="768" height="1024" src="https://yogaparla.es/wp-content/uploads/2026/02/Imagen-de-WhatsApp-2025-10-08-a-las-11.56.40_3fadebd1-768x1024.jpg" alt="" class="wp-image-2721" style="aspect-ratio:3/2;object-fit:cover;width:768px" srcset="https://yogaparla.es/wp-content/uploads/2026/02/Imagen-de-WhatsApp-2025-10-08-a-las-11.56.40_3fadebd1-768x1024.jpg 768w, https://yogaparla.es/wp-content/uploads/2026/02/Imagen-de-WhatsApp-2025-10-08-a-las-11.56.40_3fadebd1-225x300.jpg 225w, https://yogaparla.es/wp-content/uploads/2026/02/Imagen-de-WhatsApp-2025-10-08-a-las-11.56.40_3fadebd1-1152x1536.jpg 1152w, https://yogaparla.es/wp-content/uploads/2026/02/Imagen-de-WhatsApp-2025-10-08-a-las-11.56.40_3fadebd1.jpg 1200w" sizes="auto, (max-width: 767px) 89vw, (max-width: 1000px) 54vw, (max-width: 1071px) 543px, 580px" /></figure>



<h2 class="wp-block-heading">FECHA 2025/26:</h2>



<div class="wp-block-columns is-layout-flex wp-container-core-columns-is-layout-9d6595d7 wp-block-columns-is-layout-flex">
<div class="wp-block-column is-layout-flow wp-block-column-is-layout-flow">
<figure class="wp-block-table is-style-stripes"><table class="has-fixed-layout"><thead><tr><th class="has-text-align-center" data-align="center"><mark style="background-color:rgba(0, 0, 0, 0)" class="has-inline-color has-vivid-purple-color">02 noviembre 2025</mark></th><th class="has-text-align-center" data-align="center"><mark style="background-color:rgba(0, 0, 0, 0)" class="has-inline-color has-vivid-purple-color">15 febrero 2026</mark></th><th class="has-text-align-center" data-align="center"><mark style="background-color:rgba(0, 0, 0, 0)" class="has-inline-color has-vivid-purple-color">31 mayo 2026</mark></th></tr></thead><tbody><tr><td class="has-text-align-center" data-align="center">Introducción Sadhana Pada<br><em>Yoga Sutras de Patanjali</em><br>(I)</td><td class="has-text-align-center" data-align="center">Introducción Sadhana Pada<br><em>Yoga Sutras de Patanjali</em><br>(II)</td><td class="has-text-align-center" data-align="center">Introducción Sadhana Pada<br><em>Yoga Sutras de Patanjali</em><br>(III)</td></tr><tr><td class="has-text-align-center" data-align="center">de 9.30 a 11 h.</td><td class="has-text-align-center" data-align="center">de 9.30 a 11 h.</td><td class="has-text-align-center" data-align="center">de 9.30 a 11 h.</td></tr></tbody></table></figure>
</div>
</div>



<p>Los <strong>practicantes de otras escuelas</strong> que estén interesados en asistir a estas sesiones pueden ponerse en contacto con nosotros escribiéndonos a <a href="mailto:info@centromushin.es">info@centromushin.es</a>.</p>



<hr class="wp-block-separator has-css-opacity is-style-wide"/>



<p class="has-text-align-center">Si tienes cualquier consulta, puedes ponerte en <strong>contacto</strong> con nosotros escribiéndonos al email <strong><a rel="noreferrer noopener" href="mailto:info@centromushin.es" target="_blank">info@centromushin.es</a></strong>, llamando al teléfono <strong>+34 91 014 50 52</strong> o rellenando el <strong><a href="https://yogaparla.es/?page_id=142" data-type="page" data-id="142">formulario de contacto</a></strong>.</p>



<div class="wp-block-columns is-layout-flex wp-container-core-columns-is-layout-9d6595d7 wp-block-columns-is-layout-flex">
<div class="wp-block-column is-layout-flow wp-block-column-is-layout-flow">
<div class="wp-block-buttons is-horizontal is-content-justification-left is-layout-flex wp-container-core-buttons-is-layout-7e5fce0a wp-block-buttons-is-layout-flex">
<div class="wp-block-button is-style-outline is-style-outline--2"><a class="wp-block-button__link no-border-radius wp-element-button" href="https://yogaparla.es/?page_id=155">Clases</a></div>
</div>
</div>



<div class="wp-block-column is-layout-flow wp-block-column-is-layout-flow">
<div class="wp-block-buttons is-horizontal is-content-justification-left is-layout-flex wp-container-core-buttons-is-layout-7e5fce0a wp-block-buttons-is-layout-flex">
<div class="wp-block-button is-style-outline is-style-outline--3"><a class="wp-block-button__link no-border-radius wp-element-button" href="https://yogaparla.es/?page_id=237">Intensivos</a></div>
</div>
</div>



<div class="wp-block-column is-layout-flow wp-block-column-is-layout-flow">
<div class="wp-block-buttons is-horizontal is-content-justification-left is-layout-flex wp-container-core-buttons-is-layout-7e5fce0a wp-block-buttons-is-layout-flex">
<div class="wp-block-button is-style-outline is-style-outline--4"><a class="wp-block-button__link no-border-radius wp-element-button" href="https://yogaparla.es/?page_id=152">Método de enseñanza</a></div>
</div>



<p></p>
</div>
</div>

<p>FECHA 2025/26: 02 noviembre 2025 15 febrero 2026 31 mayo 2026 Introducción Sadhana PadaYoga Sutras de Patanjali(I) Introducción Sadhana PadaYoga Sutras de Patanjali(II) Introducción Sadhana PadaYoga Sutras de Patanjali(III) de 9.30 a 11 h. de 9.30 a 11 h. de 9.30 a 11 h. Los practicantes de otras escuelas que estén interesados en asistir a &hellip; </p>
<p class="link-more"><a href="https://yogaparla.es/?page_id=247" class="more-link">Continuar leyendo<span class="screen-reader-text"> «Filosofía y estudio»</span></a></p>
