{"id":155,"date":"2020-04-08T12:20:21","date_gmt":"2020-04-08T12:20:21","guid":{"rendered":"http:\/\/yogaparla.es\/?page_id=155"},"modified":"2026-04-21T15:23:26","modified_gmt":"2026-04-21T15:23:26","slug":"clases-de-yoga-en-parla","status":"publish","type":"page","link":"https:\/\/yogaparla.es\/?page_id=155","title":{"rendered":"Clases de Yoga"},"content":{"rendered":"\n<figure class=\"wp-block-gallery aligncenter has-nested-images columns-default is-cropped wp-block-gallery-2 is-layout-flex wp-block-gallery-is-layout-flex\">\n<figure class=\"wp-block-image size-large\"><img loading=\"lazy\" decoding=\"async\" width=\"768\" height=\"1024\" data-id=\"2619\" src=\"https:\/\/yogaparla.es\/wp-content\/uploads\/2025\/08\/IMG_20250729_105449-768x1024.jpg\" alt=\"\" class=\"wp-image-2619\" srcset=\"https:\/\/yogaparla.es\/wp-content\/uploads\/2025\/08\/IMG_20250729_105449-768x1024.jpg 768w, https:\/\/yogaparla.es\/wp-content\/uploads\/2025\/08\/IMG_20250729_105449-225x300.jpg 225w, https:\/\/yogaparla.es\/wp-content\/uploads\/2025\/08\/IMG_20250729_105449-1152x1536.jpg 1152w, https:\/\/yogaparla.es\/wp-content\/uploads\/2025\/08\/IMG_20250729_105449-1536x2048.jpg 1536w, https:\/\/yogaparla.es\/wp-content\/uploads\/2025\/08\/IMG_20250729_105449-1320x1760.jpg 1320w, https:\/\/yogaparla.es\/wp-content\/uploads\/2025\/08\/IMG_20250729_105449-scaled.jpg 1920w\" sizes=\"auto, (max-width: 767px) 89vw, (max-width: 1000px) 54vw, (max-width: 1071px) 543px, 580px\" \/><\/figure>\n\n\n\n<figure class=\"wp-block-image size-large\"><img loading=\"lazy\" decoding=\"async\" width=\"768\" height=\"1024\" data-id=\"2611\" src=\"https:\/\/yogaparla.es\/wp-content\/uploads\/2025\/08\/IMG_20250729_105312-768x1024.jpg\" alt=\"\" class=\"wp-image-2611\" style=\"aspect-ratio:3\/2;object-fit:cover\" srcset=\"https:\/\/yogaparla.es\/wp-content\/uploads\/2025\/08\/IMG_20250729_105312-768x1024.jpg 768w, https:\/\/yogaparla.es\/wp-content\/uploads\/2025\/08\/IMG_20250729_105312-225x300.jpg 225w, https:\/\/yogaparla.es\/wp-content\/uploads\/2025\/08\/IMG_20250729_105312-1152x1536.jpg 1152w, https:\/\/yogaparla.es\/wp-content\/uploads\/2025\/08\/IMG_20250729_105312-1536x2048.jpg 1536w, https:\/\/yogaparla.es\/wp-content\/uploads\/2025\/08\/IMG_20250729_105312-1320x1760.jpg 1320w, https:\/\/yogaparla.es\/wp-content\/uploads\/2025\/08\/IMG_20250729_105312-scaled.jpg 1920w\" sizes=\"auto, (max-width: 767px) 89vw, (max-width: 1000px) 54vw, (max-width: 1071px) 543px, 580px\" \/><\/figure>\n<\/figure>\n\n\n\n<p><\/p>\n\n\n\n<p>En la Escuela de Yoga <a rel=\"noreferrer noopener\" href=\"http:\/\/www.centromushin.es\" target=\"_blank\">Centro Mushin<\/a> impartimos clases de Yoga en Parla <strong>dise\u00f1adas por niveles<\/strong> para que cada persona pueda evolucionar de forma segura y progresiva en su pr\u00e1ctica.&nbsp;Nos centramos en la <strong>ense\u00f1anza de Asana (posturas) y Pranayama (respiraci\u00f3n)<\/strong>, a trav\u00e9s de los cuales buscamos integrar el resto de estadios que componen el Raja Yoga de <a href=\"https:\/\/yogaparla.es\/?page_id=87\" data-type=\"page\" data-id=\"87\">Patanjali<\/a>.<\/p>\n\n\n\n<h2 class=\"wp-block-heading\"><mark style=\"background-color:rgba(0, 0, 0, 0)\" class=\"has-inline-color has-vivid-purple-color\">Horario Clases de Yoga Curso 2025\/26<\/mark><\/h2>\n\n\n\n<p id=\"block-aa002cd5-57ad-451c-bc74-455b1300e050\">A continuaci\u00f3n, detallamos el horario de las clases de yoga que tendremos el pr\u00f3ximo curso 2025\/26 y que dar\u00e1 comienzo el lunes 1 de septiembre de 2025.<\/p>\n\n\n<div class=\"wp-block-image\">\n<figure class=\"aligncenter size-full\"><img loading=\"lazy\" decoding=\"async\" width=\"1414\" height=\"1010\" src=\"https:\/\/yogaparla.es\/wp-content\/uploads\/2026\/04\/YOGA-2025-26.png\" alt=\"\" class=\"wp-image-2728\" srcset=\"https:\/\/yogaparla.es\/wp-content\/uploads\/2026\/04\/YOGA-2025-26.png 1414w, https:\/\/yogaparla.es\/wp-content\/uploads\/2026\/04\/YOGA-2025-26-300x214.png 300w, https:\/\/yogaparla.es\/wp-content\/uploads\/2026\/04\/YOGA-2025-26-1024x731.png 1024w, https:\/\/yogaparla.es\/wp-content\/uploads\/2026\/04\/YOGA-2025-26-768x549.png 768w, https:\/\/yogaparla.es\/wp-content\/uploads\/2026\/04\/YOGA-2025-26-1320x943.png 1320w\" sizes=\"auto, (max-width: 767px) 89vw, (max-width: 1000px) 54vw, (max-width: 1071px) 543px, 580px\" \/><\/figure>\n<\/div>\n\n\n<h2 class=\"wp-block-heading\" id=\"block-c821b148-da91-4f5a-b1bb-62a09ba2fe9a\">Niveles de pr\u00e1ctica<\/h2>\n\n\n\n<h4 class=\"wp-block-heading\">Nivel 1<\/h4>\n\n\n\n<p>Clases dirigidas a personas que no hayan practicado nunca yoga Iyengar.<br>Se ense\u00f1an los principios b\u00e1sicos de ajuste y alineamiento a trav\u00e9s de la pr\u00e1ctica de posturas de pie. Se introduce Salamba Sarvangasana I y Halasana.<br>Sesiones de 1h15.<\/p>\n\n\n\n<h4 class=\"wp-block-heading\">Nivel 2<\/h4>\n\n\n\n<p>Una vez superado el nivel 1. <br>Se introducen estiramientos hacia delante, hacia atr\u00e1s y torsiones b\u00e1sicas, as\u00ed como Salamba Sirsasana I.<br>Sesiones de 1h30.<\/p>\n\n\n\n<h4 class=\"wp-block-heading\">Nivel 3<\/h4>\n\n\n\n<p>Se accede una vez completado el programa de nivel 2. Se debe tener un cierto dominio de los ajustes b\u00e1sicos y se debe poder mantener al menos 5&#8242; de Salamba Sirsasana y Salamba Sarvangansana.<br>Profundizaremos en las posturas ya realizadas. Se introducen<strong> <\/strong>nuevas invertidas, estiramientos hacia delante y hacia atr\u00e1s, as\u00ed como equilibrios b\u00e1sicos.<br>Sesiones de 1h45.<\/p>\n\n\n\n<h4 class=\"wp-block-heading\">General<\/h4>\n\n\n\n<p>Una vez superado el programa de nivel 3. <br>Se trabajan todas las familias de posturas, introduciendo nuevas asanas en funci\u00f3n del compromiso de los alumnos con la pr\u00e1ctica.<br>Sesiones de 1h45.<\/p>\n\n\n\n<h4 class=\"wp-block-heading\">Mujer<\/h4>\n\n\n\n<p>Para acceder a este grupo se debe haber practicado al menos un a\u00f1o de nivel 2.<br>Clases en las que se desarrolla un programa espec\u00edfico para el beneficio de la salud femenina (desajustes hormonales, postparto, menopausia, miomas, quistes\u2026).<br>Sesiones de 1h45.<\/p>\n\n\n\n<h4 class=\"wp-block-heading\">Restaurativa<\/h4>\n\n\n\n<p>Pr\u00e1ctica adaptada en funci\u00f3n de la patolog\u00eda o situaci\u00f3n actual del practicante.<br>Sesiones de 1h45.<\/p>\n\n\n\n<h2 class=\"wp-block-heading\" id=\"block-6c083b27-dfe3-437a-866f-2c17762bfd10\">Tarifa 2025\/26<\/h2>\n\n\n\n<figure class=\"wp-block-table\"><table class=\"has-fixed-layout\"><thead><tr><th><\/th><th>N1<\/th><th>N2<\/th><th>N3, G, Mujer, Restaurativo<\/th><\/tr><\/thead><tbody><tr><td>1 clase a la semana<\/td><td>34 \u20ac\/mes<\/td><td>36 \u20ac\/mes<\/td><td>38 \u20ac\/mes<\/td><\/tr><tr><td>2 clases a la semana<\/td><td>55 \u20ac\/mes<\/td><td>58 \u20ac\/mes<\/td><td>60 \u20ac\/mes<\/td><\/tr><tr><td>3 clases a la semana<\/td><td>*<\/td><td>81 \u20ac\/mes<\/td><td>85 \u20ac\/mes<\/td><\/tr><\/tbody><\/table><\/figure>\n\n\n\n<p>21% IVA incluido<\/p>\n\n\n\n<hr class=\"wp-block-separator has-css-opacity is-style-wide\"\/>\n\n\n\n<p class=\"has-text-align-center\">Si tienes cualquier consulta, puedes ponerte en <strong>contacto<\/strong> con nosotros escribi\u00e9ndonos al email <strong><a rel=\"noreferrer noopener\" href=\"mailto:info@centromushin.es\" target=\"_blank\">info@centromushin.es<\/a><\/strong>, llamando al tel\u00e9fono <strong>+34 91 014 50 52<\/strong> o rellenando el <strong><a href=\"https:\/\/yogaparla.es\/?page_id=142\" data-type=\"page\" data-id=\"142\">formulario de contacto<\/a><\/strong>.<\/p>\n\n\n\n<div class=\"wp-block-columns is-layout-flex wp-container-core-columns-is-layout-9d6595d7 wp-block-columns-is-layout-flex\">\n<div class=\"wp-block-column is-layout-flow wp-block-column-is-layout-flow\">\n<div class=\"wp-block-buttons is-horizontal is-content-justification-left is-layout-flex wp-container-core-buttons-is-layout-7e5fce0a wp-block-buttons-is-layout-flex\">\n<div class=\"wp-block-button is-style-outline is-style-outline--3\"><a class=\"wp-block-button__link no-border-radius wp-element-button\" href=\"https:\/\/yogaparla.es\/?page_id=152\">M\u00e9todo de Ense\u00f1anza<\/a><\/div>\n<\/div>\n<\/div>\n\n\n\n<div class=\"wp-block-column is-layout-flow wp-block-column-is-layout-flow\"><\/div>\n\n\n\n<div class=\"wp-block-column is-layout-flow wp-block-column-is-layout-flow\">\n<div class=\"wp-block-buttons is-horizontal is-content-justification-left is-layout-flex wp-container-core-buttons-is-layout-7e5fce0a wp-block-buttons-is-layout-flex\">\n<div class=\"wp-block-button is-style-outline is-style-outline--4\"><a class=\"wp-block-button__link no-border-radius wp-element-button\" href=\"https:\/\/yogaparla.es\/?page_id=87\">Invocaci\u00f3n al <br>Se\u00f1or Patanjali<\/a><\/div>\n<\/div>\n<\/div>\n<\/div>\n\n\n\n<div class=\"wp-block-columns is-layout-flex wp-container-core-columns-is-layout-9d6595d7 wp-block-columns-is-layout-flex\">\n<div class=\"wp-block-column is-layout-flow wp-block-column-is-layout-flow\"><\/div>\n\n\n\n<div class=\"wp-block-column is-layout-flow wp-block-column-is-layout-flow\"><\/div>\n<\/div>\n\n\n\n<p><\/p>\n","protected":false},"excerpt":{"rendered":"<p>En la Escuela de Yoga Centro Mushin impartimos clases de Yoga en Parla dise\u00f1adas por niveles para que cada persona pueda evolucionar de forma segura y progresiva en su pr\u00e1ctica.&nbsp;Nos centramos en la ense\u00f1anza de Asana (posturas) y Pranayama (respiraci\u00f3n), a trav\u00e9s de los cuales buscamos integrar el resto de estadios que componen el Raja &hellip; <\/p>\n<p class=\"link-more\"><a href=\"https:\/\/yogaparla.es\/?page_id=155\" class=\"more-link\">Continuar leyendo<span class=\"screen-reader-text\"> \u00abClases de Yoga\u00bb<\/span><\/a><\/p>\n","protected":false},"author":1,"featured_media":0,"parent":0,"menu_order":0,"comment_status":"closed","ping_status":"closed","template":"","meta":{"footnotes":""},"class_list":["post-155","page","type-page","status-publish","hentry"],"_links":{"self":[{"href":"https:\/\/yogaparla.es\/index.php?rest_route=\/wp\/v2\/pages\/155","targetHints":{"allow":["GET"]}}],"collection":[{"href":"https:\/\/yogaparla.es\/index.php?rest_route=\/wp\/v2\/pages"}],"about":[{"href":"https:\/\/yogaparla.es\/index.php?rest_route=\/wp\/v2\/types\/page"}],"author":[{"embeddable":true,"href":"https:\/\/yogaparla.es\/index.php?rest_route=\/wp\/v2\/users\/1"}],"replies":[{"embeddable":true,"href":"https:\/\/yogaparla.es\/index.php?rest_route=%2Fwp%2Fv2%2Fcomments&post=155"}],"version-history":[{"count":118,"href":"https:\/\/yogaparla.es\/index.php?rest_route=\/wp\/v2\/pages\/155\/revisions"}],"predecessor-version":[{"id":2730,"href":"https:\/\/yogaparla.es\/index.php?rest_route=\/wp\/v2\/pages\/155\/revisions\/2730"}],"wp:attachment":[{"href":"https:\/\/yogaparla.es\/index.php?rest_route=%2Fwp%2Fv2%2Fmedia&parent=155"}],"curies":[{"name":"wp","href":"https:\/\/api.w.org\/{rel}","templated":true}]}}

<figure class="wp-block-gallery aligncenter has-nested-images columns-default is-cropped wp-block-gallery-2 is-layout-flex wp-block-gallery-is-layout-flex">
<figure class="wp-block-image size-large"><img loading="lazy" decoding="async" width="768" height="1024" data-id="2619" src="https://yogaparla.es/wp-content/uploads/2025/08/IMG_20250729_105449-768x1024.jpg" alt="" class="wp-image-2619" srcset="https://yogaparla.es/wp-content/uploads/2025/08/IMG_20250729_105449-768x1024.jpg 768w, https://yogaparla.es/wp-content/uploads/2025/08/IMG_20250729_105449-225x300.jpg 225w, https://yogaparla.es/wp-content/uploads/2025/08/IMG_20250729_105449-1152x1536.jpg 1152w, https://yogaparla.es/wp-content/uploads/2025/08/IMG_20250729_105449-1536x2048.jpg 1536w, https://yogaparla.es/wp-content/uploads/2025/08/IMG_20250729_105449-1320x1760.jpg 1320w, https://yogaparla.es/wp-content/uploads/2025/08/IMG_20250729_105449-scaled.jpg 1920w" sizes="auto, (max-width: 767px) 89vw, (max-width: 1000px) 54vw, (max-width: 1071px) 543px, 580px" /></figure>



<figure class="wp-block-image size-large"><img loading="lazy" decoding="async" width="768" height="1024" data-id="2611" src="https://yogaparla.es/wp-content/uploads/2025/08/IMG_20250729_105312-768x1024.jpg" alt="" class="wp-image-2611" style="aspect-ratio:3/2;object-fit:cover" srcset="https://yogaparla.es/wp-content/uploads/2025/08/IMG_20250729_105312-768x1024.jpg 768w, https://yogaparla.es/wp-content/uploads/2025/08/IMG_20250729_105312-225x300.jpg 225w, https://yogaparla.es/wp-content/uploads/2025/08/IMG_20250729_105312-1152x1536.jpg 1152w, https://yogaparla.es/wp-content/uploads/2025/08/IMG_20250729_105312-1536x2048.jpg 1536w, https://yogaparla.es/wp-content/uploads/2025/08/IMG_20250729_105312-1320x1760.jpg 1320w, https://yogaparla.es/wp-content/uploads/2025/08/IMG_20250729_105312-scaled.jpg 1920w" sizes="auto, (max-width: 767px) 89vw, (max-width: 1000px) 54vw, (max-width: 1071px) 543px, 580px" /></figure>
</figure>



<p></p>



<p>En la Escuela de Yoga <a rel="noreferrer noopener" href="http://www.centromushin.es" target="_blank">Centro Mushin</a> impartimos clases de Yoga en Parla <strong>diseñadas por niveles</strong> para que cada persona pueda evolucionar de forma segura y progresiva en su práctica.&nbsp;Nos centramos en la <strong>enseñanza de Asana (posturas) y Pranayama (respiración)</strong>, a través de los cuales buscamos integrar el resto de estadios que componen el Raja Yoga de <a href="https://yogaparla.es/?page_id=87" data-type="page" data-id="87">Patanjali</a>.</p>



<h2 class="wp-block-heading"><mark style="background-color:rgba(0, 0, 0, 0)" class="has-inline-color has-vivid-purple-color">Horario Clases de Yoga Curso 2025/26</mark></h2>



<p id="block-aa002cd5-57ad-451c-bc74-455b1300e050">A continuación, detallamos el horario de las clases de yoga que tendremos el próximo curso 2025/26 y que dará comienzo el lunes 1 de septiembre de 2025.</p>


<div class="wp-block-image">
<figure class="aligncenter size-full"><img loading="lazy" decoding="async" width="1414" height="1010" src="https://yogaparla.es/wp-content/uploads/2026/04/YOGA-2025-26.png" alt="" class="wp-image-2728" srcset="https://yogaparla.es/wp-content/uploads/2026/04/YOGA-2025-26.png 1414w, https://yogaparla.es/wp-content/uploads/2026/04/YOGA-2025-26-300x214.png 300w, https://yogaparla.es/wp-content/uploads/2026/04/YOGA-2025-26-1024x731.png 1024w, https://yogaparla.es/wp-content/uploads/2026/04/YOGA-2025-26-768x549.png 768w, https://yogaparla.es/wp-content/uploads/2026/04/YOGA-2025-26-1320x943.png 1320w" sizes="auto, (max-width: 767px) 89vw, (max-width: 1000px) 54vw, (max-width: 1071px) 543px, 580px" /></figure>
</div>


<h2 class="wp-block-heading" id="block-c821b148-da91-4f5a-b1bb-62a09ba2fe9a">Niveles de práctica</h2>



<h4 class="wp-block-heading">Nivel 1</h4>



<p>Clases dirigidas a personas que no hayan practicado nunca yoga Iyengar.<br>Se enseñan los principios básicos de ajuste y alineamiento a través de la práctica de posturas de pie. Se introduce Salamba Sarvangasana I y Halasana.<br>Sesiones de 1h15.</p>



<h4 class="wp-block-heading">Nivel 2</h4>



<p>Una vez superado el nivel 1. <br>Se introducen estiramientos hacia delante, hacia atrás y torsiones básicas, así como Salamba Sirsasana I.<br>Sesiones de 1h30.</p>



<h4 class="wp-block-heading">Nivel 3</h4>



<p>Se accede una vez completado el programa de nivel 2. Se debe tener un cierto dominio de los ajustes básicos y se debe poder mantener al menos 5&#8242; de Salamba Sirsasana y Salamba Sarvangansana.<br>Profundizaremos en las posturas ya realizadas. Se introducen<strong> </strong>nuevas invertidas, estiramientos hacia delante y hacia atrás, así como equilibrios básicos.<br>Sesiones de 1h45.</p>



<h4 class="wp-block-heading">General</h4>



<p>Una vez superado el programa de nivel 3. <br>Se trabajan todas las familias de posturas, introduciendo nuevas asanas en función del compromiso de los alumnos con la práctica.<br>Sesiones de 1h45.</p>



<h4 class="wp-block-heading">Mujer</h4>



<p>Para acceder a este grupo se debe haber practicado al menos un año de nivel 2.<br>Clases en las que se desarrolla un programa específico para el beneficio de la salud femenina (desajustes hormonales, postparto, menopausia, miomas, quistes…).<br>Sesiones de 1h45.</p>



<h4 class="wp-block-heading">Restaurativa</h4>



<p>Práctica adaptada en función de la patología o situación actual del practicante.<br>Sesiones de 1h45.</p>



<h2 class="wp-block-heading" id="block-6c083b27-dfe3-437a-866f-2c17762bfd10">Tarifa 2025/26</h2>



<figure class="wp-block-table"><table class="has-fixed-layout"><thead><tr><th></th><th>N1</th><th>N2</th><th>N3, G, Mujer, Restaurativo</th></tr></thead><tbody><tr><td>1 clase a la semana</td><td>34 €/mes</td><td>36 €/mes</td><td>38 €/mes</td></tr><tr><td>2 clases a la semana</td><td>55 €/mes</td><td>58 €/mes</td><td>60 €/mes</td></tr><tr><td>3 clases a la semana</td><td>*</td><td>81 €/mes</td><td>85 €/mes</td></tr></tbody></table></figure>



<p>21% IVA incluido</p>



<hr class="wp-block-separator has-css-opacity is-style-wide"/>



<p class="has-text-align-center">Si tienes cualquier consulta, puedes ponerte en <strong>contacto</strong> con nosotros escribiéndonos al email <strong><a rel="noreferrer noopener" href="mailto:info@centromushin.es" target="_blank">info@centromushin.es</a></strong>, llamando al teléfono <strong>+34 91 014 50 52</strong> o rellenando el <strong><a href="https://yogaparla.es/?page_id=142" data-type="page" data-id="142">formulario de contacto</a></strong>.</p>



<div class="wp-block-columns is-layout-flex wp-container-core-columns-is-layout-9d6595d7 wp-block-columns-is-layout-flex">
<div class="wp-block-column is-layout-flow wp-block-column-is-layout-flow">
<div class="wp-block-buttons is-horizontal is-content-justification-left is-layout-flex wp-container-core-buttons-is-layout-7e5fce0a wp-block-buttons-is-layout-flex">
<div class="wp-block-button is-style-outline is-style-outline--3"><a class="wp-block-button__link no-border-radius wp-element-button" href="https://yogaparla.es/?page_id=152">Método de Enseñanza</a></div>
</div>
</div>



<div class="wp-block-column is-layout-flow wp-block-column-is-layout-flow"></div>



<div class="wp-block-column is-layout-flow wp-block-column-is-layout-flow">
<div class="wp-block-buttons is-horizontal is-content-justification-left is-layout-flex wp-container-core-buttons-is-layout-7e5fce0a wp-block-buttons-is-layout-flex">
<div class="wp-block-button is-style-outline is-style-outline--4"><a class="wp-block-button__link no-border-radius wp-element-button" href="https://yogaparla.es/?page_id=87">Invocación al <br>Señor Patanjali</a></div>
</div>
</div>
</div>



<div class="wp-block-columns is-layout-flex wp-container-core-columns-is-layout-9d6595d7 wp-block-columns-is-layout-flex">
<div class="wp-block-column is-layout-flow wp-block-column-is-layout-flow"></div>



<div class="wp-block-column is-layout-flow wp-block-column-is-layout-flow"></div>
</div>



<p></p>

<p>En la Escuela de Yoga Centro Mushin impartimos clases de Yoga en Parla diseñadas por niveles para que cada persona pueda evolucionar de forma segura y progresiva en su práctica.&nbsp;Nos centramos en la enseñanza de Asana (posturas) y Pranayama (respiración), a través de los cuales buscamos integrar el resto de estadios que componen el Raja &hellip; </p>
<p class="link-more"><a href="https://yogaparla.es/?page_id=155" class="more-link">Continuar leyendo<span class="screen-reader-text"> «Clases de Yoga»</span></a></p>
