{"id":152,"date":"2020-04-08T12:17:45","date_gmt":"2020-04-08T12:17:45","guid":{"rendered":"http:\/\/yogaparla.es\/?page_id=152"},"modified":"2024-03-22T22:59:53","modified_gmt":"2024-03-22T22:59:53","slug":"como-son-nuestras-clases-de-yoga","status":"publish","type":"page","link":"https:\/\/yogaparla.es\/?page_id=152","title":{"rendered":"\u00bfC\u00f3mo son nuestras clases de Yoga?"},"content":{"rendered":"\n<p>En la Escuela de Yoga <a href=\"http:\/\/www.centromushin.es\" target=\"_blank\" rel=\"noreferrer noopener\">Centro Mushin<\/a> <strong>dividimos nuestras clases en niveles<\/strong> para que los alumnos avancen en la pr\u00e1ctica a su ritmo y puedan ir profundizando en el <strong>entendimiento de los distintos conceptos del Yoga<\/strong>.<\/p>\n\n\n\n<p class=\"has-very-light-gray-background-color has-background\">Nuestra <strong>base de trabajo<\/strong> es <strong>Asana<\/strong>, <strong>Pranayama<\/strong> y <strong>Pratyahara<\/strong>, siendo el medio con el que buscamos trabajar y avanzar en el camino del <strong>Raja Yoga de <a href=\"https:\/\/yogaparla.es\/?page_id=87\" data-type=\"page\" data-id=\"87\">Patanjali<\/a><\/strong>. Y debido a nuestra evoluci\u00f3n personal como practicantes y estudiantes del <a href=\"https:\/\/yogaparla.es\/?p=833\" data-type=\"post\" data-id=\"833\">m\u00e9todo Iyengar<\/a>, lo hacemos desde una perspectiva fundamentada en esta metodolog\u00eda. <\/p>\n\n\n\n<h2 class=\"wp-block-heading\">Yogasana<\/h2>\n\n\n\n<p>A trav\u00e9s de un trabajo consciente en asana (postura), buscamos abarcar cada espacio de nuestro Ser. Conocernos mejor, conectar con nuestras limitaciones f\u00edsicas, con las ataduras mentales y poco a poco superarlas. Como dice Prashant Iyengar:<\/p>\n\n\n\n<blockquote class=\"wp-block-quote has-text-align-center is-layout-flow wp-block-quote-is-layout-flow\">\n<p><mark style=\"background-color:rgba(0, 0, 0, 0)\" class=\"has-inline-color has-vivid-purple-color\">\u00abYogasana es para el ser humano al completo, desde la parte f\u00edsica externa hasta la consciencia y la conciencia m\u00e1s profundas. Yogasana se dirige al cuerpo, las emociones, la psique, la consciencia y la conciencia\u00bb.<\/mark><\/p>\n<cite><mark style=\"background-color:rgba(0, 0, 0, 0)\" class=\"has-inline-color has-vivid-purple-color\">Cita del libro <em>Cittavij\u00f1ana de las Yogasanas<\/em>, de Prashant Iyengar.<\/mark><\/cite><\/blockquote>\n\n\n\n<h2 class=\"wp-block-heading\">Uso de soportes<\/h2>\n\n\n\n<p>Entendiendo que <strong>cada cuerpo es \u00fanico<\/strong>, en nuestras clases de Yoga contamos con los <strong>soportes suficientes<\/strong> para apoyarnos en ellos cuando lo necesitemos. Pero <strong>para qu\u00e9 sirven<\/strong> y <strong>cu\u00e1ndo los utilizamos<\/strong>: <\/p>\n\n\n\n<ul class=\"wp-block-list\">\n<li>cuando a\u00fan se tienen <strong>limitaciones<\/strong>, por ejemplo, falta de flexibilidad, rigidez en ciertas zonas&#8230;<\/li>\n\n\n\n<li>en caso de tener <strong>debilidad<\/strong> por cualquier motivo: operaci\u00f3n, enfermedad, agotamiento&#8230;<\/li>\n\n\n\n<li>como herramienta de trabajo para <strong>profundizar en el estudio de asana<\/strong>.<\/li>\n<\/ul>\n\n\n\n<p>Pero nos gusta aclarar aqu\u00ed: <strong>\u00bftrabajamos siempre con soportes?<\/strong> La respuesta es <strong>claramente no<\/strong>, los soportes est\u00e1n ah\u00ed para cuando se necesiten \u00fanicamente.<\/p>\n\n\n\n<figure class=\"wp-block-image size-large is-resized\"><img loading=\"lazy\" decoding=\"async\" width=\"1024\" height=\"683\" src=\"https:\/\/yogaparla.es\/wp-content\/uploads\/2024\/03\/IMG_20210226_135537-1024x683.jpg\" alt=\"\" class=\"wp-image-2189\" style=\"aspect-ratio:3\/2;object-fit:cover;width:768px\" srcset=\"https:\/\/yogaparla.es\/wp-content\/uploads\/2024\/03\/IMG_20210226_135537-1024x683.jpg 1024w, https:\/\/yogaparla.es\/wp-content\/uploads\/2024\/03\/IMG_20210226_135537-300x200.jpg 300w, https:\/\/yogaparla.es\/wp-content\/uploads\/2024\/03\/IMG_20210226_135537-768x512.jpg 768w, https:\/\/yogaparla.es\/wp-content\/uploads\/2024\/03\/IMG_20210226_135537-1536x1024.jpg 1536w, https:\/\/yogaparla.es\/wp-content\/uploads\/2024\/03\/IMG_20210226_135537-2048x1366.jpg 2048w, https:\/\/yogaparla.es\/wp-content\/uploads\/2024\/03\/IMG_20210226_135537-1320x880.jpg 1320w\" sizes=\"auto, (max-width: 767px) 89vw, (max-width: 1000px) 54vw, (max-width: 1071px) 543px, 580px\" \/><figcaption class=\"wp-element-caption\">Vestuarios de Centro Mushin<\/figcaption><\/figure>\n\n\n\n<hr class=\"wp-block-separator has-css-opacity is-style-wide\"\/>\n\n\n\n<p class=\"has-very-light-gray-color has-vivid-purple-background-color has-text-color has-background has-small-font-size\"><strong><em>Recomendaciones antes de la clase<\/em><\/strong><br>Se debe llegar antes de que de comienzo la clase.&nbsp;La sala se abre 10 minutos antes del inicio. En caso de retrasarse, se abrir\u00e1 la puerta despu\u00e9s del <a href=\"https:\/\/yogaparla.es\/?page_id=87\" data-type=\"page\" data-id=\"87\">canto inicial a Patanjali<\/a> para que se incorporen aquellos que no han podido llegar a tiempo. <br>Intentar no faltar a las clases ya que el programa est\u00e1 dise\u00f1ado anualmente.<br>No&nbsp;comer en las dos horas previas a la clase.<br>Avisar a los profesores antes de clase si se tiene la menstruaci\u00f3n o si se padece alg\u00fan problema de salud.<br><br><strong><em>Recuperaciones<\/em><\/strong><br>Cuando no vayas a poder asistir a clase, te rogamos que nos avises de la <a href=\"https:\/\/calendariomushinweb02.azurewebsites.net\/\" data-type=\"URL\" data-id=\"https:\/\/calendariomushinweb02.azurewebsites.net\/\">CANCELACI\u00d3N<\/a> lo antes posible para poder disponer de tu plaza para otro compa\u00f1ero que necesite utilizarla.<br>En caso de que nos avises al menos 30 minutos antes del comienzo, podr\u00e1s <a href=\"https:\/\/calendariomushinweb02.azurewebsites.net\/\" data-type=\"URL\" data-id=\"https:\/\/calendariomushinweb02.azurewebsites.net\/\">RECUPERAR<\/a> en otro horario, siempre con reserva de plaza previa.<\/p>\n\n\n\n<hr class=\"wp-block-separator has-css-opacity is-style-wide\"\/>\n\n\n\n<p class=\"has-text-align-center\">Si tienes cualquier consulta, puedes ponerte en <strong>contacto<\/strong> con nosotros escribi\u00e9ndonos al email <strong><a rel=\"noreferrer noopener\" href=\"mailto:info@centromushin.es\" target=\"_blank\">info@centromushin.es<\/a><\/strong>, llamando al tel\u00e9fono <strong>+34 91 014 50 52<\/strong> o rellenando el <strong><a href=\"https:\/\/yogaparla.es\/?page_id=142\" data-type=\"page\" data-id=\"142\">formulario de contacto<\/a><\/strong>.<\/p>\n\n\n\n<div class=\"wp-block-columns is-layout-flex wp-container-core-columns-is-layout-9d6595d7 wp-block-columns-is-layout-flex\">\n<div class=\"wp-block-column is-layout-flow wp-block-column-is-layout-flow\">\n<div class=\"wp-block-buttons is-layout-flex wp-block-buttons-is-layout-flex\">\n<div class=\"wp-block-button is-style-outline is-style-outline--2\"><a class=\"wp-block-button__link no-border-radius wp-element-button\" href=\"https:\/\/yogaparla.es\/?page_id=1653\">Niveles de clase<\/a><\/div>\n<\/div>\n<\/div>\n\n\n\n<div class=\"wp-block-column is-layout-flow wp-block-column-is-layout-flow\">\n<div class=\"wp-block-buttons is-layout-flex wp-block-buttons-is-layout-flex\">\n<div class=\"wp-block-button is-style-outline is-style-outline--3\"><a class=\"wp-block-button__link no-border-radius wp-element-button\" href=\"https:\/\/yogaparla.es\/?page_id=155\">Clases<\/a><\/div>\n<\/div>\n<\/div>\n\n\n\n<div class=\"wp-block-column is-layout-flow wp-block-column-is-layout-flow\">\n<div class=\"wp-block-buttons is-layout-flex wp-block-buttons-is-layout-flex\">\n<div class=\"wp-block-button is-style-outline is-style-outline--4\"><a class=\"wp-block-button__link no-border-radius wp-element-button\" href=\"https:\/\/yogaparla.es\/?page_id=87\">sobre Patanjali<\/a><\/div>\n<\/div>\n<\/div>\n<\/div>\n","protected":false},"excerpt":{"rendered":"<p>En la Escuela de Yoga Centro Mushin dividimos nuestras clases en niveles para que los alumnos avancen en la pr\u00e1ctica a su ritmo y puedan ir profundizando en el entendimiento de los distintos conceptos del Yoga. Nuestra base de trabajo es Asana, Pranayama y Pratyahara, siendo el medio con el que buscamos trabajar y avanzar &hellip; <\/p>\n<p class=\"link-more\"><a href=\"https:\/\/yogaparla.es\/?page_id=152\" class=\"more-link\">Continuar leyendo<span class=\"screen-reader-text\"> \u00ab\u00bfC\u00f3mo son nuestras clases de Yoga?\u00bb<\/span><\/a><\/p>\n","protected":false},"author":1,"featured_media":0,"parent":0,"menu_order":0,"comment_status":"closed","ping_status":"closed","template":"","meta":{"footnotes":""},"class_list":["post-152","page","type-page","status-publish","hentry"],"_links":{"self":[{"href":"https:\/\/yogaparla.es\/index.php?rest_route=\/wp\/v2\/pages\/152","targetHints":{"allow":["GET"]}}],"collection":[{"href":"https:\/\/yogaparla.es\/index.php?rest_route=\/wp\/v2\/pages"}],"about":[{"href":"https:\/\/yogaparla.es\/index.php?rest_route=\/wp\/v2\/types\/page"}],"author":[{"embeddable":true,"href":"https:\/\/yogaparla.es\/index.php?rest_route=\/wp\/v2\/users\/1"}],"replies":[{"embeddable":true,"href":"https:\/\/yogaparla.es\/index.php?rest_route=%2Fwp%2Fv2%2Fcomments&post=152"}],"version-history":[{"count":73,"href":"https:\/\/yogaparla.es\/index.php?rest_route=\/wp\/v2\/pages\/152\/revisions"}],"predecessor-version":[{"id":2190,"href":"https:\/\/yogaparla.es\/index.php?rest_route=\/wp\/v2\/pages\/152\/revisions\/2190"}],"wp:attachment":[{"href":"https:\/\/yogaparla.es\/index.php?rest_route=%2Fwp%2Fv2%2Fmedia&parent=152"}],"curies":[{"name":"wp","href":"https:\/\/api.w.org\/{rel}","templated":true}]}}

¿Cómo son nuestras clases de Yoga?

<p>En la Escuela de Yoga <a href="http://www.centromushin.es" target="_blank" rel="noreferrer noopener">Centro Mushin</a> <strong>dividimos nuestras clases en niveles</strong> para que los alumnos avancen en la práctica a su ritmo y puedan ir profundizando en el <strong>entendimiento de los distintos conceptos del Yoga</strong>.</p>



<p class="has-very-light-gray-background-color has-background">Nuestra <strong>base de trabajo</strong> es <strong>Asana</strong>, <strong>Pranayama</strong> y <strong>Pratyahara</strong>, siendo el medio con el que buscamos trabajar y avanzar en el camino del <strong>Raja Yoga de <a href="https://yogaparla.es/?page_id=87" data-type="page" data-id="87">Patanjali</a></strong>. Y debido a nuestra evolución personal como practicantes y estudiantes del <a href="https://yogaparla.es/?p=833" data-type="post" data-id="833">método Iyengar</a>, lo hacemos desde una perspectiva fundamentada en esta metodología. </p>



<h2 class="wp-block-heading">Yogasana</h2>



<p>A través de un trabajo consciente en asana (postura), buscamos abarcar cada espacio de nuestro Ser. Conocernos mejor, conectar con nuestras limitaciones físicas, con las ataduras mentales y poco a poco superarlas. Como dice Prashant Iyengar:</p>



<blockquote class="wp-block-quote has-text-align-center is-layout-flow wp-block-quote-is-layout-flow">
<p><mark style="background-color:rgba(0, 0, 0, 0)" class="has-inline-color has-vivid-purple-color">«Yogasana es para el ser humano al completo, desde la parte física externa hasta la consciencia y la conciencia más profundas. Yogasana se dirige al cuerpo, las emociones, la psique, la consciencia y la conciencia».</mark></p>
<cite><mark style="background-color:rgba(0, 0, 0, 0)" class="has-inline-color has-vivid-purple-color">Cita del libro <em>Cittavijñana de las Yogasanas</em>, de Prashant Iyengar.</mark></cite></blockquote>



<h2 class="wp-block-heading">Uso de soportes</h2>



<p>Entendiendo que <strong>cada cuerpo es único</strong>, en nuestras clases de Yoga contamos con los <strong>soportes suficientes</strong> para apoyarnos en ellos cuando lo necesitemos. Pero <strong>para qué sirven</strong> y <strong>cuándo los utilizamos</strong>: </p>



<ul class="wp-block-list">
<li>cuando aún se tienen <strong>limitaciones</strong>, por ejemplo, falta de flexibilidad, rigidez en ciertas zonas&#8230;</li>



<li>en caso de tener <strong>debilidad</strong> por cualquier motivo: operación, enfermedad, agotamiento&#8230;</li>



<li>como herramienta de trabajo para <strong>profundizar en el estudio de asana</strong>.</li>
</ul>



<p>Pero nos gusta aclarar aquí: <strong>¿trabajamos siempre con soportes?</strong> La respuesta es <strong>claramente no</strong>, los soportes están ahí para cuando se necesiten únicamente.</p>



<figure class="wp-block-image size-large is-resized"><img loading="lazy" decoding="async" width="1024" height="683" src="https://yogaparla.es/wp-content/uploads/2024/03/IMG_20210226_135537-1024x683.jpg" alt="" class="wp-image-2189" style="aspect-ratio:3/2;object-fit:cover;width:768px" srcset="https://yogaparla.es/wp-content/uploads/2024/03/IMG_20210226_135537-1024x683.jpg 1024w, https://yogaparla.es/wp-content/uploads/2024/03/IMG_20210226_135537-300x200.jpg 300w, https://yogaparla.es/wp-content/uploads/2024/03/IMG_20210226_135537-768x512.jpg 768w, https://yogaparla.es/wp-content/uploads/2024/03/IMG_20210226_135537-1536x1024.jpg 1536w, https://yogaparla.es/wp-content/uploads/2024/03/IMG_20210226_135537-2048x1366.jpg 2048w, https://yogaparla.es/wp-content/uploads/2024/03/IMG_20210226_135537-1320x880.jpg 1320w" sizes="auto, (max-width: 767px) 89vw, (max-width: 1000px) 54vw, (max-width: 1071px) 543px, 580px" /><figcaption class="wp-element-caption">Vestuarios de Centro Mushin</figcaption></figure>



<hr class="wp-block-separator has-css-opacity is-style-wide"/>



<p class="has-very-light-gray-color has-vivid-purple-background-color has-text-color has-background has-small-font-size"><strong><em>Recomendaciones antes de la clase</em></strong><br>Se debe llegar antes de que de comienzo la clase.&nbsp;La sala se abre 10 minutos antes del inicio. En caso de retrasarse, se abrirá la puerta después del <a href="https://yogaparla.es/?page_id=87" data-type="page" data-id="87">canto inicial a Patanjali</a> para que se incorporen aquellos que no han podido llegar a tiempo. <br>Intentar no faltar a las clases ya que el programa está diseñado anualmente.<br>No&nbsp;comer en las dos horas previas a la clase.<br>Avisar a los profesores antes de clase si se tiene la menstruación o si se padece algún problema de salud.<br><br><strong><em>Recuperaciones</em></strong><br>Cuando no vayas a poder asistir a clase, te rogamos que nos avises de la <a href="https://calendariomushinweb02.azurewebsites.net/" data-type="URL" data-id="https://calendariomushinweb02.azurewebsites.net/">CANCELACIÓN</a> lo antes posible para poder disponer de tu plaza para otro compañero que necesite utilizarla.<br>En caso de que nos avises al menos 30 minutos antes del comienzo, podrás <a href="https://calendariomushinweb02.azurewebsites.net/" data-type="URL" data-id="https://calendariomushinweb02.azurewebsites.net/">RECUPERAR</a> en otro horario, siempre con reserva de plaza previa.</p>



<hr class="wp-block-separator has-css-opacity is-style-wide"/>



<p class="has-text-align-center">Si tienes cualquier consulta, puedes ponerte en <strong>contacto</strong> con nosotros escribiéndonos al email <strong><a rel="noreferrer noopener" href="mailto:info@centromushin.es" target="_blank">info@centromushin.es</a></strong>, llamando al teléfono <strong>+34 91 014 50 52</strong> o rellenando el <strong><a href="https://yogaparla.es/?page_id=142" data-type="page" data-id="142">formulario de contacto</a></strong>.</p>



<div class="wp-block-columns is-layout-flex wp-container-core-columns-is-layout-9d6595d7 wp-block-columns-is-layout-flex">
<div class="wp-block-column is-layout-flow wp-block-column-is-layout-flow">
<div class="wp-block-buttons is-layout-flex wp-block-buttons-is-layout-flex">
<div class="wp-block-button is-style-outline is-style-outline--2"><a class="wp-block-button__link no-border-radius wp-element-button" href="https://yogaparla.es/?page_id=1653">Niveles de clase</a></div>
</div>
</div>



<div class="wp-block-column is-layout-flow wp-block-column-is-layout-flow">
<div class="wp-block-buttons is-layout-flex wp-block-buttons-is-layout-flex">
<div class="wp-block-button is-style-outline is-style-outline--3"><a class="wp-block-button__link no-border-radius wp-element-button" href="https://yogaparla.es/?page_id=155">Clases</a></div>
</div>
</div>



<div class="wp-block-column is-layout-flow wp-block-column-is-layout-flow">
<div class="wp-block-buttons is-layout-flex wp-block-buttons-is-layout-flex">
<div class="wp-block-button is-style-outline is-style-outline--4"><a class="wp-block-button__link no-border-radius wp-element-button" href="https://yogaparla.es/?page_id=87">sobre Patanjali</a></div>
</div>
</div>
</div>

<p>En la Escuela de Yoga Centro Mushin dividimos nuestras clases en niveles para que los alumnos avancen en la práctica a su ritmo y puedan ir profundizando en el entendimiento de los distintos conceptos del Yoga. Nuestra base de trabajo es Asana, Pranayama y Pratyahara, siendo el medio con el que buscamos trabajar y avanzar &hellip; </p>
<p class="link-more"><a href="https://yogaparla.es/?page_id=152" class="more-link">Continuar leyendo<span class="screen-reader-text"> «¿Cómo son nuestras clases de Yoga?»</span></a></p>
